Last updated on 2025-01-24 06:50:52 CET.
Flavor | Version | Tinstall | Tcheck | Ttotal | Status | Flags |
---|---|---|---|---|---|---|
r-devel-linux-x86_64-debian-clang | 1.0.1 | 1.75 | 19.70 | 21.45 | OK | |
r-devel-linux-x86_64-debian-gcc | 1.0.1 | 1.29 | 16.36 | 17.65 | NOTE | |
r-devel-linux-x86_64-fedora-clang | 1.0.1 | 36.76 | OK | |||
r-devel-linux-x86_64-fedora-gcc | 1.0.1 | 32.57 | OK | |||
r-devel-windows-x86_64 | 1.0.1 | 3.00 | 41.00 | 44.00 | OK | |
r-patched-linux-x86_64 | 1.0.1 | 1.60 | 18.72 | 20.32 | OK | |
r-release-linux-x86_64 | 1.0.1 | 1.33 | 18.99 | 20.32 | OK | |
r-release-macos-arm64 | 1.0.1 | 16.00 | OK | |||
r-release-macos-x86_64 | 1.0.1 | 26.00 | OK | |||
r-release-windows-x86_64 | 1.0.1 | 3.00 | 41.00 | 44.00 | OK | |
r-oldrel-macos-arm64 | 1.0.1 | 21.00 | OK | |||
r-oldrel-macos-x86_64 | 1.0.1 | 27.00 | OK | |||
r-oldrel-windows-x86_64 | 1.0.1 | 3.00 | 46.00 | 49.00 | OK |
Version: 1.0.1
Check: DESCRIPTION meta-information
Result: NOTE
Missing dependency on R >= 4.1.0 because package code uses the pipe
|> or function shorthand \(...) syntax added in R 4.1.0.
File(s) using such syntax:
‘check_api_key.R’ ‘get_organization_data.R’ ‘get_sensor_data.R’
‘get_sensor_history.R’ ‘get_sensors_data.R’ ‘purple_air_request.R’
Flavor: r-devel-linux-x86_64-debian-gcc