Last updated on 2023-02-02 06:55:03 CET.
Flavor | Version | Tinstall | Tcheck | Ttotal | Status | Flags |
---|---|---|---|---|---|---|
r-devel-linux-x86_64-debian-clang | 1.1.17 | 52.72 | 43.69 | 96.41 | NOTE | |
r-devel-linux-x86_64-debian-gcc | 1.1.17 | 49.87 | 36.07 | 85.94 | NOTE | |
r-devel-linux-x86_64-fedora-clang | 1.1.17 | 150.26 | NOTE | |||
r-devel-linux-x86_64-fedora-gcc | 1.1.17 | 134.53 | NOTE | |||
r-patched-linux-x86_64 | 1.1.17 | 50.15 | 44.08 | 94.23 | OK | |
r-release-linux-x86_64 | 1.1.17 | 56.13 | 45.31 | 101.44 | OK | |
r-release-macos-arm64 | 1.1.17 | 42.00 | NOTE | |||
r-release-macos-x86_64 | 1.1.17 | 56.00 | NOTE | |||
r-release-windows-x86_64 | 1.1.17 | 71.00 | 109.00 | 180.00 | OK | |
r-oldrel-macos-arm64 | 1.1.17 | 42.00 | NOTE | |||
r-oldrel-macos-x86_64 | 1.1.17 | 53.00 | NOTE | |||
r-oldrel-windows-ix86+x86_64 | 1.1.17 | 133.00 | 106.00 | 239.00 | OK |
Version: 1.1.17
Check: C++ specification
Result: NOTE
Specified C++11: please update to current default of C++17
Flavors: r-devel-linux-x86_64-debian-clang, r-devel-linux-x86_64-debian-gcc, r-devel-linux-x86_64-fedora-clang, r-devel-linux-x86_64-fedora-gcc
Version: 1.1.17
Check: installed package size
Result: NOTE
installed size is 14.2Mb
sub-directories of 1Mb or more:
libs 13.5Mb
Flavors: r-release-macos-arm64, r-release-macos-x86_64, r-oldrel-macos-arm64, r-oldrel-macos-x86_64