CRAN Package Check Results for Package QWDAP

Last updated on 2023-11-28 07:53:13 CET.

Flavor Version Tinstall Tcheck Ttotal Status Flags
r-devel-linux-x86_64-debian-clang 1.1.17 68.47 39.17 107.64 NOTE
r-devel-linux-x86_64-debian-gcc 1.1.17 47.85 34.84 82.69 NOTE
r-devel-linux-x86_64-fedora-clang 1.1.17 142.45 NOTE
r-devel-linux-x86_64-fedora-gcc 1.1.17 144.74 NOTE
r-devel-windows-x86_64 1.1.17 46.00 84.00 130.00 NOTE
r-patched-linux-x86_64 1.1.17 55.99 45.05 101.04 NOTE
r-release-linux-x86_64 1.1.17 55.86 44.75 100.61 NOTE
r-release-macos-arm64 1.1.17 48.00 NOTE
r-release-macos-x86_64 1.1.17 71.00 NOTE
r-release-windows-x86_64 1.1.17 60.00 88.00 148.00 NOTE
r-oldrel-macos-arm64 1.1.17 42.00 NOTE
r-oldrel-macos-x86_64 1.1.17 56.00 NOTE
r-oldrel-windows-x86_64 1.1.17 57.00 86.00 143.00 OK

Check Details

Version: 1.1.17
Check: C++ specification
Result: NOTE Specified C++11: please drop specification unless essential Flavors: r-devel-linux-x86_64-debian-clang, r-devel-linux-x86_64-debian-gcc, r-devel-linux-x86_64-fedora-clang, r-devel-linux-x86_64-fedora-gcc, r-devel-windows-x86_64, r-patched-linux-x86_64, r-release-linux-x86_64, r-release-macos-arm64, r-release-macos-x86_64, r-release-windows-x86_64

Version: 1.1.17
Check: installed package size
Result: NOTE installed size is 14.2Mb sub-directories of 1Mb or more: libs 13.5Mb Flavors: r-release-macos-arm64, r-release-macos-x86_64, r-oldrel-macos-arm64, r-oldrel-macos-x86_64