CRAN Package Check Results for Package QoLMiss

Last updated on 2024-02-26 07:50:10 CET.

Flavor Version Tinstall Tcheck Ttotal Status Flags
r-devel-linux-x86_64-debian-clang 0.1.0 12.26 94.80 107.06 OK
r-devel-linux-x86_64-debian-gcc 0.1.0 8.14 69.54 77.68 OK
r-devel-linux-x86_64-fedora-clang 0.1.0 128.41 NOTE
r-devel-linux-x86_64-fedora-gcc 0.1.0 120.24 NOTE
r-devel-windows-x86_64 0.1.0 10.00 85.00 95.00 OK
r-patched-linux-x86_64 0.1.0 12.62 87.43 100.05 OK
r-release-linux-x86_64 0.1.0 11.01 89.68 100.69 OK
r-release-macos-arm64 0.1.0 42.00 OK
r-release-macos-x86_64 0.1.0 64.00 OK
r-release-windows-x86_64 0.1.0 14.00 99.00 113.00 OK
r-oldrel-macos-arm64 0.1.0 39.00 NOTE
r-oldrel-windows-x86_64 0.1.0 13.00 98.00 111.00 OK

Check Details

Version: 0.1.0
Check: dependencies in R code
Result: NOTE Namespace in Imports field not imported from: ‘missMethods’ All declared Imports should be used. Flavors: r-devel-linux-x86_64-fedora-clang, r-devel-linux-x86_64-fedora-gcc, r-oldrel-macos-arm64