Last updated on 2023-09-24 06:53:46 CEST.
Flavor | Version | Tinstall | Tcheck | Ttotal | Status | Flags |
---|---|---|---|---|---|---|
r-devel-linux-x86_64-debian-clang | 2.15.0 | 6.79 | 127.65 | 134.44 | NOTE | |
r-devel-linux-x86_64-debian-gcc | 2.15.0 | 6.99 | 98.40 | 105.39 | NOTE | |
r-devel-linux-x86_64-fedora-clang | 2.15.0 | 168.86 | NOTE | |||
r-devel-linux-x86_64-fedora-gcc | 2.15.0 | 167.77 | NOTE | |||
r-devel-windows-x86_64 | 2.15.0 | 10.00 | 772.00 | 782.00 | NOTE | |
r-patched-linux-x86_64 | 2.15.0 | 11.25 | 124.79 | 136.04 | OK | |
r-release-linux-x86_64 | 2.15.0 | 7.32 | 125.57 | 132.89 | OK | |
r-release-macos-arm64 | 2.15.0 | 57.00 | OK | |||
r-release-macos-x86_64 | 2.15.0 | 92.00 | OK | |||
r-release-windows-x86_64 | 2.15.0 | 12.00 | 861.00 | 873.00 | OK | |
r-oldrel-macos-arm64 | 2.15.0 | 53.00 | OK | |||
r-oldrel-macos-x86_64 | 2.15.0 | 68.00 | OK | |||
r-oldrel-windows-x86_64 | 2.15.0 | 12.00 | 609.00 | 621.00 | OK |
Version: 2.15.0
Check: Rd \usage sections
Result: NOTE
Documented arguments not in \usage in documentation object 'compareChecksum.GenericDataFile':
‘verbose’
Documented arguments not in \usage in documentation object 'dim.GenericTabularFile':
‘...’
Documented arguments not in \usage in documentation object 'dsApplyInPairs.GenericDataFileSet':
‘ds’
Documented arguments not in \usage in documentation object 'GenericDataFile$fromFile':
‘unknown’
Documented arguments not in \usage in documentation object 'gzip.GenericDataFile':
‘verbose’
Documented arguments not in \usage in documentation object 'readChecksum.ChecksumFile':
‘verbose’
Documented arguments not in \usage in documentation object 'writeChecksum.GenericDataFile':
‘verbose’
Functions with \usage entries need to have the appropriate \alias
entries, and all their arguments documented.
The \usage entries must correspond to syntactically valid R code.
See chapter ‘Writing R documentation files’ in the ‘Writing R
Extensions’ manual.
Flavors: r-devel-linux-x86_64-debian-clang, r-devel-linux-x86_64-debian-gcc, r-devel-linux-x86_64-fedora-clang, r-devel-linux-x86_64-fedora-gcc, r-devel-windows-x86_64