CRAN Package Check Results for Package R.methodsS3

Last updated on 2020-10-01 06:47:17 CEST.

Flavor Version Tinstall Tcheck Ttotal Status Flags
r-devel-linux-x86_64-debian-clang 1.8.1 2.80 25.70 28.50 OK
r-devel-linux-x86_64-debian-gcc 1.8.1 0.32 2.02 2.34 ERROR
r-devel-linux-x86_64-fedora-clang 1.8.1 43.24 NOTE
r-devel-linux-x86_64-fedora-gcc 1.8.1 33.68 OK
r-devel-windows-ix86+x86_64 1.8.1 6.00 42.00 48.00 OK
r-patched-linux-x86_64 1.8.1 2.33 24.90 27.23 OK
r-patched-solaris-x86 1.8.1 51.30 OK
r-release-linux-x86_64 1.8.1 2.49 24.66 27.15 OK
r-release-macos-x86_64 1.8.1 OK
r-release-windows-ix86+x86_64 1.8.1 5.00 43.00 48.00 OK
r-oldrel-macos-x86_64 1.8.1 OK
r-oldrel-windows-ix86+x86_64 1.8.1 4.00 35.00 39.00 OK

Check Details

Version: 1.8.1
Check: whether package can be installed
Result: ERROR
    Installation failed.
Flavor: r-devel-linux-x86_64-debian-gcc

Version: 1.8.1
Check: Rd cross-references
Result: NOTE
    Undeclared package ‘R.oo’ in Rd xrefs
Flavor: r-devel-linux-x86_64-fedora-clang