CRAN Package Check Results for Package RAINBOWR

Last updated on 2022-10-05 06:51:30 CEST.

Flavor Version Tinstall Tcheck Ttotal Status Flags
r-devel-linux-x86_64-debian-clang 0.1.29 104.31 216.32 320.63 OK
r-devel-linux-x86_64-debian-gcc 0.1.29 84.37 161.31 245.68 OK
r-devel-linux-x86_64-fedora-clang 0.1.29 424.54 OK
r-devel-linux-x86_64-fedora-gcc 0.1.29 399.60 OK
r-devel-windows-x86_64 0.1.29 105.00 262.00 367.00 OK
r-patched-linux-x86_64 0.1.29 90.95 197.32 288.27 OK
r-release-linux-x86_64 0.1.29 86.45 200.86 287.31 OK
r-release-macos-arm64 0.1.29 106.00 NOTE
r-release-macos-x86_64 0.1.29 127.00 NOTE
r-release-windows-x86_64 0.1.29 95.00 242.00 337.00 OK
r-oldrel-macos-arm64 0.1.29 91.00 NOTE
r-oldrel-macos-x86_64 0.1.29 127.00 NOTE
r-oldrel-windows-ix86+x86_64 0.1.29 196.00 291.00 487.00 OK

Check Details

Version: 0.1.29
Check: package dependencies
Result: NOTE
    Package suggested but not available for checking: ‘ggtree’
Flavor: r-release-macos-arm64

Version: 0.1.29
Check: installed package size
Result: NOTE
     installed size is 31.9Mb
     sub-directories of 1Mb or more:
     libs 30.6Mb
Flavors: r-release-macos-arm64, r-release-macos-x86_64, r-oldrel-macos-arm64, r-oldrel-macos-x86_64