Last updated on 2023-09-24 06:53:46 CEST.
Flavor | Version | Tinstall | Tcheck | Ttotal | Status | Flags |
---|---|---|---|---|---|---|
r-devel-linux-x86_64-debian-clang | 0.1.33 | 106.94 | 236.89 | 343.83 | OK | |
r-devel-linux-x86_64-debian-gcc | 0.1.33 | 85.72 | 176.81 | 262.53 | OK | |
r-devel-linux-x86_64-fedora-clang | 0.1.33 | 417.30 | OK | |||
r-devel-linux-x86_64-fedora-gcc | 0.1.33 | 489.77 | OK | |||
r-devel-windows-x86_64 | 0.1.33 | 73.00 | 207.00 | 280.00 | OK | |
r-patched-linux-x86_64 | 0.1.33 | 102.39 | 228.78 | 331.17 | OK | |
r-release-linux-x86_64 | 0.1.33 | 82.50 | 232.91 | 315.41 | OK | |
r-release-macos-arm64 | 0.1.33 | 142.00 | NOTE | |||
r-release-macos-x86_64 | 0.1.33 | 233.00 | NOTE | |||
r-release-windows-x86_64 | 0.1.33 | 98.00 | 250.00 | 348.00 | OK | |
r-oldrel-macos-arm64 | 0.1.33 | 150.00 | NOTE | |||
r-oldrel-macos-x86_64 | 0.1.33 | 149.00 | NOTE | |||
r-oldrel-windows-x86_64 | 0.1.33 | 92.00 | 227.00 | 319.00 | OK |
Version: 0.1.33
Check: installed package size
Result: NOTE
installed size is 28.8Mb
sub-directories of 1Mb or more:
libs 27.4Mb
Flavors: r-release-macos-arm64, r-release-macos-x86_64, r-oldrel-macos-arm64, r-oldrel-macos-x86_64