CRAN Package Check Results for Package RAQSAPI

Last updated on 2022-10-05 06:51:30 CEST.

Flavor Version Tinstall Tcheck Ttotal Status Flags
r-devel-linux-x86_64-debian-clang 2.0.3 9.76 100.46 110.22 NOTE
r-devel-linux-x86_64-debian-gcc 2.0.3 7.08 74.72 81.80 NOTE
r-devel-linux-x86_64-fedora-clang 2.0.3 148.17 NOTE
r-devel-linux-x86_64-fedora-gcc 2.0.3 140.27 NOTE
r-devel-windows-x86_64 2.0.3 38.00 174.00 212.00 NOTE
r-patched-linux-x86_64 2.0.3 12.61 88.75 101.36 OK
r-release-linux-x86_64 2.0.3 9.47 88.19 97.66 OK
r-release-macos-arm64 2.0.3 42.00 OK
r-release-macos-x86_64 2.0.3 79.00 OK
r-release-windows-x86_64 2.0.3 75.00 147.00 222.00 OK
r-oldrel-macos-arm64 2.0.3 37.00 OK
r-oldrel-macos-x86_64 2.0.3 66.00 OK
r-oldrel-windows-ix86+x86_64 2.0.3 22.00 138.00 160.00 OK

Check Details

Version: 2.0.3
Check: Rd files
Result: NOTE
    checkRd: (-1) aqs_annualsummary_by_box.Rd:73: Escaped LaTeX specials: \$
    checkRd: (-1) aqs_annualsummary_by_box.Rd:75: Escaped LaTeX specials: \$
    checkRd: (-1) aqs_annualsummary_by_cbsa.Rd:54: Escaped LaTeX specials: \$
    checkRd: (-1) aqs_annualsummary_by_cbsa.Rd:55: Escaped LaTeX specials: \$
    checkRd: (-1) aqs_annualsummary_by_county.Rd:64: Escaped LaTeX specials: \$
    checkRd: (-1) aqs_annualsummary_by_county.Rd:65: Escaped LaTeX specials: \$
    checkRd: (-1) aqs_annualsummary_by_site.Rd:69: Escaped LaTeX specials: \$
    checkRd: (-1) aqs_annualsummary_by_site.Rd:70: Escaped LaTeX specials: \$
    checkRd: (-1) aqs_annualsummary_by_state.Rd:56: Escaped LaTeX specials: \$
    checkRd: (-1) aqs_annualsummary_by_state.Rd:57: Escaped LaTeX specials: \$
    checkRd: (-1) aqs_dailysummary_by_box.Rd:75: Escaped LaTeX specials: \$
    checkRd: (-1) aqs_dailysummary_by_box.Rd:76: Escaped LaTeX specials: \$
    checkRd: (-1) aqs_dailysummary_by_cbsa.Rd:55: Escaped LaTeX specials: \$
    checkRd: (-1) aqs_dailysummary_by_cbsa.Rd:56: Escaped LaTeX specials: \$
    checkRd: (-1) aqs_dailysummary_by_county.Rd:64: Escaped LaTeX specials: \$
    checkRd: (-1) aqs_dailysummary_by_county.Rd:65: Escaped LaTeX specials: \$
    checkRd: (-1) aqs_dailysummary_by_site.Rd:68: Escaped LaTeX specials: \$
    checkRd: (-1) aqs_dailysummary_by_site.Rd:69: Escaped LaTeX specials: \$
    checkRd: (-1) aqs_dailysummary_by_state.Rd:57: Escaped LaTeX specials: \$
    checkRd: (-1) aqs_dailysummary_by_state.Rd:58: Escaped LaTeX specials: \$
    checkRd: (-1) aqs_monitors_by_cbsa.Rd:55: Escaped LaTeX specials: \$
    checkRd: (-1) aqs_monitors_by_cbsa.Rd:56: Escaped LaTeX specials: \$
    checkRd: (-1) aqs_qa_flowrateaudit_by_MA.Rd:55: Escaped LaTeX specials: \$
    checkRd: (-1) aqs_qa_flowrateaudit_by_MA.Rd:56: Escaped LaTeX specials: \$
    checkRd: (-1) aqs_qa_flowrateaudit_by_county.Rd:64: Escaped LaTeX specials: \$
    checkRd: (-1) aqs_qa_flowrateaudit_by_county.Rd:65: Escaped LaTeX specials: \$
    checkRd: (-1) aqs_qa_flowrateaudit_by_pqao.Rd:55: Escaped LaTeX specials: \$
    checkRd: (-1) aqs_qa_flowrateaudit_by_pqao.Rd:56: Escaped LaTeX specials: \$
    checkRd: (-1) aqs_qa_flowrateaudit_by_site.Rd:68: Escaped LaTeX specials: \$
    checkRd: (-1) aqs_qa_flowrateaudit_by_site.Rd:69: Escaped LaTeX specials: \$
    checkRd: (-1) aqs_qa_flowrateaudit_by_state.Rd:57: Escaped LaTeX specials: \$
    checkRd: (-1) aqs_qa_flowrateaudit_by_state.Rd:58: Escaped LaTeX specials: \$
    checkRd: (-1) aqs_qa_one_point_qc_by_MA.Rd:54: Escaped LaTeX specials: \$
    checkRd: (-1) aqs_qa_one_point_qc_by_MA.Rd:56: Escaped LaTeX specials: \$
    checkRd: (-1) aqs_qa_one_point_qc_by_county.Rd:63: Escaped LaTeX specials: \$
    checkRd: (-1) aqs_qa_one_point_qc_by_county.Rd:65: Escaped LaTeX specials: \$
    checkRd: (-1) aqs_qa_one_point_qc_by_pqao.Rd:54: Escaped LaTeX specials: \$
    checkRd: (-1) aqs_qa_one_point_qc_by_site.Rd:67: Escaped LaTeX specials: \$
    checkRd: (-1) aqs_qa_one_point_qc_by_site.Rd:69: Escaped LaTeX specials: \$
    checkRd: (-1) aqs_qa_one_point_qc_by_state.Rd:56: Escaped LaTeX specials: \$
    checkRd: (-1) aqs_qa_one_point_qc_by_state.Rd:58: Escaped LaTeX specials: \$
    checkRd: (-1) aqs_qa_pep_audit_by_MA.Rd:55: Escaped LaTeX specials: \$
    checkRd: (-1) aqs_qa_pep_audit_by_MA.Rd:56: Escaped LaTeX specials: \$
    checkRd: (-1) aqs_qa_pep_audit_by_county.Rd:63: Escaped LaTeX specials: \$
    checkRd: (-1) aqs_qa_pep_audit_by_county.Rd:65: Escaped LaTeX specials: \$
    checkRd: (-1) aqs_qa_pep_audit_by_pqao.Rd:55: Escaped LaTeX specials: \$
    checkRd: (-1) aqs_qa_pep_audit_by_pqao.Rd:56: Escaped LaTeX specials: \$
    checkRd: (-1) aqs_qa_pep_audit_by_site.Rd:67: Escaped LaTeX specials: \$
    checkRd: (-1) aqs_qa_pep_audit_by_site.Rd:69: Escaped LaTeX specials: \$
    checkRd: (-1) aqs_qa_pep_audit_by_state.Rd:56: Escaped LaTeX specials: \$
    checkRd: (-1) aqs_qa_pep_audit_by_state.Rd:58: Escaped LaTeX specials: \$
    checkRd: (-1) aqs_quarterlysummary_by_box.Rd:75: Escaped LaTeX specials: \$
    checkRd: (-1) aqs_quarterlysummary_by_box.Rd:76: Escaped LaTeX specials: \$
    checkRd: (-1) aqs_quarterlysummary_by_cbsa.Rd:56: Escaped LaTeX specials: \$
    checkRd: (-1) aqs_quarterlysummary_by_cbsa.Rd:57: Escaped LaTeX specials: \$
    checkRd: (-1) aqs_quarterlysummary_by_county.Rd:64: Escaped LaTeX specials: \$
    checkRd: (-1) aqs_quarterlysummary_by_county.Rd:65: Escaped LaTeX specials: \$
    checkRd: (-1) aqs_quarterlysummary_by_site.Rd:68: Escaped LaTeX specials: \$
    checkRd: (-1) aqs_quarterlysummary_by_site.Rd:69: Escaped LaTeX specials: \$
    checkRd: (-1) aqs_quarterlysummary_by_state.Rd:57: Escaped LaTeX specials: \$
    checkRd: (-1) aqs_quarterlysummary_by_state.Rd:58: Escaped LaTeX specials: \$
Flavors: r-devel-linux-x86_64-debian-clang, r-devel-linux-x86_64-debian-gcc, r-devel-linux-x86_64-fedora-clang, r-devel-linux-x86_64-fedora-gcc, r-devel-windows-x86_64