CRAN Package Check Results for Package RBtest

Last updated on 2024-02-26 07:50:11 CET.

Flavor Version Tinstall Tcheck Ttotal Status Flags
r-devel-linux-x86_64-debian-clang 1.1 14.62 111.09 125.71 NOTE
r-devel-linux-x86_64-debian-gcc 1.1 10.68 82.23 92.91 NOTE
r-devel-linux-x86_64-fedora-clang 1.1 149.79 NOTE
r-devel-linux-x86_64-fedora-gcc 1.1 140.65 NOTE
r-devel-windows-x86_64 1.1 12.00 95.00 107.00 NOTE
r-patched-linux-x86_64 1.1 9.77 106.01 115.78 NOTE
r-release-linux-x86_64 1.1 12.44 106.13 118.57 NOTE
r-release-macos-arm64 1.1 29.00 NOTE
r-release-macos-x86_64 1.1 40.00 NOTE
r-release-windows-x86_64 1.1 17.00 111.00 128.00 NOTE
r-oldrel-macos-arm64 1.1 27.00 NOTE
r-oldrel-windows-x86_64 1.1 18.00 112.00 130.00 NOTE

Check Details

Version: 1.1
Check: LazyData
Result: NOTE 'LazyData' is specified without a 'data' directory Flavors: r-devel-linux-x86_64-debian-clang, r-devel-linux-x86_64-debian-gcc, r-devel-linux-x86_64-fedora-clang, r-devel-linux-x86_64-fedora-gcc, r-devel-windows-x86_64, r-patched-linux-x86_64, r-release-linux-x86_64, r-release-macos-arm64, r-release-macos-x86_64, r-release-windows-x86_64, r-oldrel-macos-arm64, r-oldrel-windows-x86_64