Last updated on 2022-07-02 07:07:08 CEST.
Flavor | Version | Tinstall | Tcheck | Ttotal | Status | Flags |
---|---|---|---|---|---|---|
r-devel-linux-x86_64-debian-clang | 1.1.1 | 28.68 | 173.02 | 201.70 | OK | |
r-devel-linux-x86_64-debian-gcc | 1.1.1 | 20.49 | 126.02 | 146.51 | OK | |
r-devel-linux-x86_64-fedora-clang | 1.1.1 | 241.55 | WARN | |||
r-devel-linux-x86_64-fedora-gcc | 1.1.1 | 254.18 | WARN | |||
r-devel-windows-x86_64 | 1.1.1 | 40.00 | 208.00 | 248.00 | OK | |
r-patched-linux-x86_64 | 1.1.1 | 26.11 | 160.98 | 187.09 | OK | |
r-release-linux-x86_64 | 1.1.1 | 25.00 | 160.68 | 185.68 | OK | |
r-release-macos-arm64 | 1.1.1 | 77.00 | OK | |||
r-release-macos-x86_64 | 1.1.1 | 118.00 | OK | |||
r-release-windows-x86_64 | 1.1.1 | 40.00 | 213.00 | 253.00 | OK | |
r-oldrel-macos-arm64 | 1.1.1 | 63.00 | OK | |||
r-oldrel-macos-x86_64 | 1.1.1 | 97.00 | OK | |||
r-oldrel-windows-ix86+x86_64 | 1.1.1 | 51.00 | 202.00 | 253.00 | OK |
Version: 1.1.1
Check: package dependencies
Result: WARN
Requires (indirectly) orphaned package: ‘gtools’
Flavors: r-devel-linux-x86_64-fedora-clang, r-devel-linux-x86_64-fedora-gcc