CRAN Package Check Results for Package RChronoModel

Last updated on 2024-06-22 07:49:38 CEST.

Flavor Version Tinstall Tcheck Ttotal Status Flags
r-devel-linux-x86_64-debian-clang 0.4 4.72 49.26 53.98 NOTE
r-devel-linux-x86_64-debian-gcc 0.4 3.37 38.16 41.53 NOTE
r-devel-linux-x86_64-fedora-clang 0.4 64.86 NOTE
r-devel-linux-x86_64-fedora-gcc 0.4 62.70 NOTE
r-devel-windows-x86_64 0.4 6.00 66.00 72.00 OK
r-patched-linux-x86_64 0.4 4.35 48.63 52.98 NOTE
r-release-linux-x86_64 0.4 3.10 46.39 49.49 NOTE
r-release-macos-arm64 0.4 27.00 OK
r-release-macos-x86_64 0.4 46.00 OK
r-release-windows-x86_64 0.4 5.00 69.00 74.00 OK
r-oldrel-macos-arm64 0.4 25.00 OK
r-oldrel-macos-x86_64 0.4 43.00 OK
r-oldrel-windows-x86_64 0.4 6.00 71.00 77.00 OK

Check Details

Version: 0.4
Check: for non-standard things in the check directory
Result: NOTE Found the following files/directories: ‘data.csv’ Flavors: r-devel-linux-x86_64-debian-clang, r-devel-linux-x86_64-debian-gcc, r-devel-linux-x86_64-fedora-clang, r-devel-linux-x86_64-fedora-gcc, r-patched-linux-x86_64, r-release-linux-x86_64