CRAN Package Check Results for Package RCurl

Last updated on 2020-09-29 06:47:00 CEST.

Flavor Version Tinstall Tcheck Ttotal Status Flags
r-devel-linux-x86_64-debian-clang 1.98-1.2 20.20 44.51 64.71 NOTE
r-devel-linux-x86_64-debian-gcc 1.98-1.2 14.71 34.31 49.02 NOTE
r-devel-linux-x86_64-fedora-clang 1.98-1.2 86.08 NOTE
r-devel-linux-x86_64-fedora-gcc 1.98-1.2 77.35 NOTE
r-devel-windows-ix86+x86_64 1.98-1.2 48.00 160.00 208.00 NOTE
r-patched-linux-x86_64 1.98-1.2 18.24 42.61 60.85 NOTE
r-patched-solaris-x86 1.98-1.2 97.40 NOTE --no-examples
r-release-linux-x86_64 1.98-1.2 17.81 42.75 60.56 NOTE
r-release-macos-x86_64 1.98-1.2 NOTE
r-release-windows-ix86+x86_64 1.98-1.2 47.00 127.00 174.00 NOTE
r-oldrel-macos-x86_64 1.98-1.2 NOTE
r-oldrel-windows-ix86+x86_64 1.98-1.2 49.00 135.00 184.00 NOTE

Check Details

Version: 1.98-1.2
Check: for GNU extensions in Makefiles
Result: NOTE
    GNU make is a SystemRequirements.
Flavors: r-devel-linux-x86_64-debian-clang, r-devel-linux-x86_64-debian-gcc, r-devel-linux-x86_64-fedora-clang, r-devel-linux-x86_64-fedora-gcc, r-devel-windows-ix86+x86_64, r-patched-linux-x86_64, r-release-linux-x86_64, r-release-macos-x86_64, r-release-windows-ix86+x86_64, r-oldrel-macos-x86_64, r-oldrel-windows-ix86+x86_64

Version: 1.98-1.2
Check: installed package size
Result: NOTE
     installed size is 6.4Mb
     sub-directories of 1Mb or more:
     libs 4.4Mb
Flavors: r-devel-windows-ix86+x86_64, r-release-windows-ix86+x86_64, r-oldrel-windows-ix86+x86_64

Version: 1.98-1.2
Flags: --no-examples
Check: for GNU extensions in Makefiles
Result: NOTE
    GNU make is a SystemRequirements.
Flavor: r-patched-solaris-x86