CRAN Package Check Results for Package RDSTK

Last updated on 2020-10-26 05:46:49 CET.

Flavor Version Tinstall Tcheck Ttotal Status Flags
r-devel-linux-x86_64-debian-clang 1.1 3.41 31.00 34.41 NOTE
r-devel-linux-x86_64-debian-gcc 1.1 2.71 24.27 26.98 NOTE
r-devel-linux-x86_64-fedora-clang 1.1 49.34 NOTE
r-devel-linux-x86_64-fedora-gcc 1.1 41.80 NOTE
r-devel-windows-ix86+x86_64 1.1 8.00 49.00 57.00 NOTE
r-patched-linux-x86_64 1.1 3.28 29.32 32.60 NOTE
r-patched-solaris-x86 1.1 61.90 NOTE
r-release-linux-x86_64 1.1 3.27 29.33 32.60 NOTE
r-release-macos-x86_64 1.1 NOTE
r-release-windows-ix86+x86_64 1.1 7.00 38.00 45.00 NOTE
r-oldrel-macos-x86_64 1.1 NOTE
r-oldrel-windows-ix86+x86_64 1.1 6.00 46.00 52.00 NOTE

Check Details

Version: 1.1
Check: R code for possible problems
Result: NOTE
    ip2coordinates: no visible global function definition for 'URLencode'
    street2coordinates: no visible global function definition for
     'URLencode'
    Undefined global functions or variables:
     URLencode
    Consider adding
     importFrom("utils", "URLencode")
    to your NAMESPACE file.
Flavors: r-devel-linux-x86_64-debian-clang, r-devel-linux-x86_64-debian-gcc, r-devel-linux-x86_64-fedora-clang, r-devel-linux-x86_64-fedora-gcc, r-devel-windows-ix86+x86_64, r-patched-linux-x86_64, r-patched-solaris-x86, r-release-linux-x86_64, r-release-macos-x86_64, r-release-windows-ix86+x86_64, r-oldrel-macos-x86_64, r-oldrel-windows-ix86+x86_64