CRAN Package Check Results for Package REREFACT

Last updated on 2022-06-26 06:50:46 CEST.

Flavor Version Tinstall Tcheck Ttotal Status Flags
r-devel-linux-x86_64-debian-clang 1.0 8.66 82.65 91.31 NOTE
r-devel-linux-x86_64-debian-gcc 1.0 6.08 63.64 69.72 NOTE
r-devel-linux-x86_64-fedora-clang 1.0 128.12 WARN
r-devel-linux-x86_64-fedora-gcc 1.0 127.26 WARN
r-devel-windows-x86_64 1.0 27.00 107.00 134.00 OK
r-patched-linux-x86_64 1.0 7.96 80.01 87.97 NOTE
r-release-linux-x86_64 1.0 8.52 80.77 89.29 NOTE
r-release-macos-arm64 1.0 37.00 OK
r-release-macos-x86_64 1.0 50.00 OK
r-release-windows-x86_64 1.0 26.00 104.00 130.00 OK
r-oldrel-macos-arm64 1.0 42.00 OK
r-oldrel-macos-x86_64 1.0 67.00 OK
r-oldrel-windows-ix86+x86_64 1.0 19.00 102.00 121.00 OK

Check Details

Version: 1.0
Check: for non-standard things in the check directory
Result: NOTE
    Found the following files/directories:
     'P.csv' 'correct_alpha.csv' 'correct_beta.csv' 'correct_gamma.csv'
     'correct_lambda.csv' 'correct_perm_list.csv' 'correct_psi.csv'
Flavors: r-devel-linux-x86_64-debian-clang, r-devel-linux-x86_64-debian-gcc, r-devel-linux-x86_64-fedora-clang, r-devel-linux-x86_64-fedora-gcc, r-patched-linux-x86_64, r-release-linux-x86_64

Version: 1.0
Check: package dependencies
Result: WARN
    Requires (indirectly) orphaned package: ‘gtools’
Flavors: r-devel-linux-x86_64-fedora-clang, r-devel-linux-x86_64-fedora-gcc