Last updated on 2021-04-17 06:46:54 CEST.
Flavor | Version | Tinstall | Tcheck | Ttotal | Status | Flags |
---|---|---|---|---|---|---|
r-devel-linux-x86_64-debian-clang | 1.8 | 3.62 | 60.48 | 64.10 | OK | |
r-devel-linux-x86_64-debian-gcc | 1.8 | 2.38 | 45.06 | 47.44 | OK | |
r-devel-linux-x86_64-fedora-clang | 1.8 | 85.83 | OK | |||
r-devel-linux-x86_64-fedora-gcc | 1.8 | 75.47 | OK | |||
r-devel-windows-ix86+x86_64 | 1.8 | 7.00 | 86.00 | 93.00 | OK | |
r-devel-windows-x86_64-gcc10-UCRT | 1.8 | OK | ||||
r-patched-linux-x86_64 | 1.8 | 3.13 | 57.38 | 60.51 | OK | |
r-patched-solaris-x86 | 1.8 | 99.80 | OK | |||
r-release-linux-x86_64 | 1.8 | 3.32 | 56.35 | 59.67 | OK | |
r-release-macos-x86_64 | 1.8 | OK | ||||
r-release-windows-ix86+x86_64 | 1.8 | 6.00 | 83.00 | 89.00 | OK | |
r-oldrel-macos-x86_64 | 1.8 | ERROR | ||||
r-oldrel-windows-ix86+x86_64 | 1.6 | 5.00 | 79.00 | 84.00 | NOTE |
Version: 1.8
Check: whether package can be installed
Result: ERROR
Installation failed.
Flavor: r-oldrel-macos-x86_64
Version: 1.6
Check: R code for possible problems
Result: NOTE
RFLPdist: no visible binding for global variable 'dist'
RFLPdist2: no visible binding for global variable 'dist'
RFLPdist2 : dfun1: no visible global function definition for 'combn'
RFLPdist2 : dfun2: no visible global function definition for 'combn'
RFLPdist2ref: no visible binding for global variable 'dist'
RFLPplot: no visible binding for global variable 'dist'
RFLPplot: no visible global function definition for 'order.dendrogram'
RFLPplot: no visible global function definition for 'as.dendrogram'
RFLPplot: no visible global function definition for 'hclust'
RFLPplot: no visible global function definition for 'par'
RFLPplot: no visible global function definition for 'plot'
RFLPplot: no visible global function definition for 'axis'
RFLPplot: no visible global function definition for 'abline'
RFLPplot: no visible global function definition for 'box'
RFLPplot: no visible global function definition for 'title'
RFLPplot: no visible global function definition for 'colorRampPalette'
RFLPplot: no visible global function definition for 'matlines'
RFLPrefplot: no visible binding for global variable 'dist'
RFLPrefplot: no visible global function definition for 'par'
RFLPrefplot: no visible global function definition for 'dev.new'
RFLPrefplot: no visible global function definition for 'plot'
RFLPrefplot: no visible global function definition for 'axis'
RFLPrefplot: no visible global function definition for 'abline'
RFLPrefplot: no visible global function definition for 'box'
RFLPrefplot: no visible global function definition for 'title'
RFLPrefplot: no visible global function definition for
'colorRampPalette'
RFLPrefplot: no visible global function definition for 'matlines'
diffDist: no visible global function definition for 'dist'
read.blast: no visible global function definition for 'read.table'
read.rflp: no visible global function definition for 'read.delim'
read.rflp : <anonymous>: no visible global function definition for
'tail'
sim2dist: no visible global function definition for 'as.dist'
simulateRFLPdata: no visible global function definition for 'runif'
write.hclust: no visible global function definition for 'cutree'
write.hclust: no visible global function definition for 'write.table'
Undefined global functions or variables:
abline as.dendrogram as.dist axis box colorRampPalette combn cutree
dev.new dist hclust matlines order.dendrogram par plot read.delim
read.table runif tail title write.table
Consider adding
importFrom("grDevices", "colorRampPalette", "dev.new")
importFrom("graphics", "abline", "axis", "box", "matlines", "par",
"plot", "title")
importFrom("stats", "as.dendrogram", "as.dist", "cutree", "dist",
"hclust", "order.dendrogram", "runif")
importFrom("utils", "combn", "read.delim", "read.table", "tail",
"write.table")
to your NAMESPACE file.
Flavor: r-oldrel-windows-ix86+x86_64