CRAN Package Check Results for Package RFOC

Last updated on 2024-02-24 06:50:47 CET.

Flavor Version Tinstall Tcheck Ttotal Status Flags
r-devel-linux-x86_64-debian-clang 3.4-10 16.72 139.02 155.74 NOTE
r-devel-linux-x86_64-debian-gcc 3.4-10 12.91 103.55 116.46 NOTE
r-devel-linux-x86_64-fedora-clang 3.4-10 191.26 NOTE
r-devel-linux-x86_64-fedora-gcc 3.4-10 191.27 NOTE
r-devel-windows-x86_64 3.4-10 16.00 135.00 151.00 OK
r-patched-linux-x86_64 3.4-10 17.67 133.02 150.69 OK
r-release-linux-x86_64 3.4-10 15.16 130.42 145.58 OK
r-release-macos-arm64 3.4-10 55.00 OK
r-release-macos-x86_64 3.4-10 103.00 OK
r-release-windows-x86_64 3.4-10 20.00 160.00 180.00 OK
r-oldrel-macos-arm64 3.4-10 56.00 OK
r-oldrel-windows-x86_64 3.4-10 19.00 160.00 179.00 WARN

Check Details

Version: 3.4-10
Check: Rd files
Result: NOTE checkRd: (-1) PKAM.Rd:19: Lost braces 19 | item{Paz}{P-axis azimuth angle} | ^ checkRd: (-1) PKAM.Rd:19: Lost braces 19 | item{Paz}{P-axis azimuth angle} | ^ checkRd: (-1) PKAM.Rd:20: Lost braces 20 | item{Pdip}{P-axis dip angle} | ^ checkRd: (-1) PKAM.Rd:20: Lost braces 20 | item{Pdip}{P-axis dip angle} | ^ checkRd: (-1) PKAM.Rd:21: Lost braces 21 | item{Taz}{T-axis azimuth angle} | ^ checkRd: (-1) PKAM.Rd:21: Lost braces 21 | item{Taz}{T-axis azimuth angle} | ^ checkRd: (-1) PKAM.Rd:22: Lost braces 22 | item{Tdip}{T-axis dip angle} | ^ checkRd: (-1) PKAM.Rd:22: Lost braces 22 | item{Tdip}{T-axis dip angle} | ^ checkRd: (-1) PKAM.Rd:23: Lost braces 23 | item{h}{horizontal point to plot on ternary plot } | ^ checkRd: (-1) PKAM.Rd:23: Lost braces 23 | item{h}{horizontal point to plot on ternary plot } | ^ checkRd: (-1) PKAM.Rd:24: Lost braces 24 | item{v}{vertical point to plot on ternary plot } | ^ checkRd: (-1) PKAM.Rd:24: Lost braces 24 | item{v}{vertical point to plot on ternary plot } | ^ checkRd: (-1) PKAM.Rd:25: Lost braces 25 | item{fcols}{colors, not used} | ^ checkRd: (-1) PKAM.Rd:25: Lost braces 25 | item{fcols}{colors, not used} | ^ checkRd: (-1) PKAM.Rd:26: Lost braces 26 | item{LATS}{Latitude} | ^ checkRd: (-1) PKAM.Rd:26: Lost braces 26 | item{LATS}{Latitude} | ^ checkRd: (-1) PKAM.Rd:27: Lost braces 27 | item{LONS}{Longitude} | ^ checkRd: (-1) PKAM.Rd:27: Lost braces 27 | item{LONS}{Longitude} | ^ checkRd: (-1) PKAM.Rd:28: Lost braces 28 | item{IFcol}{integer pointer to internal color} | ^ checkRd: (-1) PKAM.Rd:28: Lost braces 28 | item{IFcol}{integer pointer to internal color} | ^ checkRd: (-1) PKAM.Rd:29: Lost braces 29 | item{yr}{year, not used} | ^ checkRd: (-1) PKAM.Rd:29: Lost braces 29 | item{yr}{year, not used} | ^ checkRd: (-1) PKAM.Rd:30: Lost braces 30 | item{JDHM}{Julian Day, hour, minute, not used} | ^ checkRd: (-1) PKAM.Rd:30: Lost braces 30 | item{JDHM}{Julian Day, hour, minute, not used} | ^ checkRd: (-1) PKAM.Rd:31: Lost braces 31 | item{JDHMS}{Julian Day, hour, minute, seconds} | ^ checkRd: (-1) PKAM.Rd:31: Lost braces 31 | item{JDHMS}{Julian Day, hour, minute, seconds} | ^ Flavors: r-devel-linux-x86_64-debian-clang, r-devel-linux-x86_64-debian-gcc, r-devel-linux-x86_64-fedora-clang, r-devel-linux-x86_64-fedora-gcc

Version: 3.4-10
Check: whether package can be installed
Result: WARN Found the following significant warnings: Warning: S3 methods '$<-.grouped_df', '[.fun_list', '[.grouped_df', '[.rowwise_df', '[<-.grouped_df', '[<-.rowwise_df', '[[<-.grouped_df', 'names<-.grouped_df', 'names<-.rowwise_df', 'add_count.data.frame', 'add_count.default', 'anti_join.data.frame', 'arrange.data.frame', 'arrange_.data.frame', 'arrange_.tbl_df', 'as.data.frame.grouped_df', 'as.tbl.data.frame', 'as.tbl.tbl', 'as_join_by.character', 'as_join_by.default', 'as_join_by.dplyr_join_by', 'as_join_by.list', 'as_tibble.grouped_df', 'as_tibble.rowwise_df', 'auto_copy.data.frame', 'cbind.grouped_df', 'collapse.data.frame', 'collect.data.frame', 'common_by.NULL', 'common_by.character', 'common_by.default', 'common_by.list', 'compute.data.frame', 'copy_to.DBIConnection', 'copy_to.src_local', 'count.data.frame', 'cross_join.data.frame', 'distinct.data.frame', 'distinct_.data.frame', 'distinct_.grouped_df', 'distinct_.tbl_df', 'do.NULL', 'do.data.frame', 'do.grouped_df', 'do.rowwise_df', 'do_.NULL', 'do_.data.frame', 'do_.grouped_df', 'do_.r [... truncated] Flavor: r-oldrel-windows-x86_64