CRAN Package Check Results for Package RFpredInterval

Last updated on 2024-06-24 06:49:20 CEST.

Flavor Version Tinstall Tcheck Ttotal Status Flags
r-devel-linux-x86_64-debian-clang 1.0.8 52.60 164.27 216.87 NOTE
r-devel-linux-x86_64-debian-gcc 1.0.8 40.74 112.84 153.58 NOTE
r-devel-linux-x86_64-fedora-clang 1.0.8 280.06 NOTE
r-devel-linux-x86_64-fedora-gcc 1.0.8 287.06 NOTE
r-devel-windows-x86_64 1.0.8 43.00 122.00 165.00 NOTE
r-patched-linux-x86_64 1.0.8 38.69 155.29 193.98 OK
r-release-linux-x86_64 1.0.8 34.52 151.94 186.46 OK
r-release-macos-arm64 1.0.8 62.00 OK
r-release-macos-x86_64 1.0.8 103.00 OK
r-release-windows-x86_64 1.0.8 49.00 122.00 171.00 OK
r-oldrel-macos-arm64 1.0.8 71.00 OK
r-oldrel-macos-x86_64 1.0.8 159.00 OK
r-oldrel-windows-x86_64 1.0.8 59.00 155.00 214.00 OK

Check Details

Version: 1.0.8
Check: compiled code
Result: NOTE File ‘RFpredInterval/libs/RFpredInterval.so’: Found non-API call to R: ‘STRING_PTR’ Compiled code should not call non-API entry points in R. See ‘Writing portable packages’ in the ‘Writing R Extensions’ manual. Flavors: r-devel-linux-x86_64-debian-clang, r-devel-linux-x86_64-debian-gcc, r-devel-linux-x86_64-fedora-clang, r-devel-linux-x86_64-fedora-gcc

Version: 1.0.8
Check: compiled code
Result: NOTE File 'RFpredInterval/libs/x64/RFpredInterval.dll': Found non-API call to R: 'STRING_PTR' Compiled code should not call non-API entry points in R. See 'Writing portable packages' in the 'Writing R Extensions' manual. Flavor: r-devel-windows-x86_64