CRAN Package Check Results for Package RGF

Last updated on 2023-03-24 05:52:23 CET.

Flavor Version Tinstall Tcheck Ttotal Status Flags
r-devel-linux-x86_64-debian-clang 1.1.1 13.71 97.27 110.98 OK
r-devel-linux-x86_64-debian-gcc 1.1.1 10.70 75.01 85.71 OK
r-devel-linux-x86_64-fedora-clang 1.1.1 147.64 OK
r-devel-linux-x86_64-fedora-gcc 1.1.1 158.17 OK
r-devel-windows-x86_64 1.1.1 816.00 291.00 1107.00 OK
r-patched-linux-x86_64 1.1.1 14.44 88.85 103.29 OK
r-release-linux-x86_64 1.1.1 13.33 88.81 102.14 OK
r-release-macos-arm64 1.1.1 44.00 NOTE
r-release-macos-x86_64 1.1.1 59.00 NOTE
r-release-windows-x86_64 1.1.1 235.00 268.00 503.00 OK
r-oldrel-macos-arm64 1.1.1 42.00 NOTE
r-oldrel-macos-x86_64 1.1.1 60.00 NOTE
r-oldrel-windows-ix86+x86_64 1.1.1 47.00 236.00 283.00 OK

Check Details

Version: 1.1.1
Check: whether the namespace can be loaded with stated dependencies
Result: NOTE
    Warning in py_initialize(config$python, config$libpython, config$pythonhome, :
     Python 2 reached EOL on January 1, 2020. Python 2 compatability be removed in an upcoming reticulate release.
    
    A namespace must be able to be loaded with just the base namespace
    loaded: otherwise if the namespace gets loaded by a saved object, the
    session will be unable to start.
    
    Probably some imports need to be declared in the NAMESPACE file.
Flavors: r-release-macos-arm64, r-release-macos-x86_64, r-oldrel-macos-arm64, r-oldrel-macos-x86_64