CRAN Package Check Results for Package RGoogleAnalyticsPremium

Last updated on 2022-01-26 06:50:27 CET.

Flavor Version Tinstall Tcheck Ttotal Status Flags
r-devel-linux-x86_64-debian-clang 0.1.1 3.37 42.74 46.11 NOTE
r-devel-linux-x86_64-debian-gcc 0.1.1 2.56 33.38 35.94 NOTE
r-devel-linux-x86_64-fedora-clang 0.1.1 55.26 NOTE
r-devel-linux-x86_64-fedora-gcc 0.1.1 45.79 NOTE
r-devel-windows-x86_64-new-UL 0.1.1 122.00 64.00 186.00 NOTE
r-devel-windows-x86_64-new-TK 0.1.1 NOTE
r-patched-linux-x86_64 0.1.1 3.04 40.34 43.38 NOTE
r-release-linux-x86_64 0.1.1 2.91 39.95 42.86 NOTE
r-release-macos-arm64 0.1.1 NOTE
r-release-macos-x86_64 0.1.1 NOTE
r-release-windows-ix86+x86_64 0.1.1 7.00 49.00 56.00 NOTE
r-oldrel-macos-x86_64 0.1.1 OK
r-oldrel-windows-ix86+x86_64 0.1.1 7.00 49.00 56.00 OK

Check Details

Version: 0.1.1
Check: LazyData
Result: NOTE
     'LazyData' is specified without a 'data' directory
Flavors: r-devel-linux-x86_64-debian-clang, r-devel-linux-x86_64-debian-gcc, r-devel-linux-x86_64-fedora-clang, r-devel-linux-x86_64-fedora-gcc, r-devel-windows-x86_64-new-UL, r-devel-windows-x86_64-new-TK, r-patched-linux-x86_64, r-release-linux-x86_64, r-release-macos-arm64, r-release-macos-x86_64, r-release-windows-ix86+x86_64