CRAN Package Check Results for Package RHRV

Last updated on 2024-06-13 06:58:16 CEST.

Flavor Version Tinstall Tcheck Ttotal Status Flags
r-devel-linux-x86_64-debian-clang 4.2.7 23.68 153.52 177.20 OK
r-devel-linux-x86_64-debian-gcc 4.2.7 0.53 1.72 2.25 ERROR
r-devel-linux-x86_64-fedora-clang 4.2.7 229.10 NOTE
r-devel-linux-x86_64-fedora-gcc 4.2.7 222.19 OK
r-devel-windows-x86_64 4.2.7 19.00 129.00 148.00 OK
r-patched-linux-x86_64 4.2.7 26.68 146.95 173.63 OK
r-release-linux-x86_64 4.2.7 11.15 146.95 158.10 OK
r-release-macos-arm64 4.2.7 59.00 OK
r-release-macos-x86_64 4.2.7 95.00 OK
r-release-windows-x86_64 4.2.7 19.00 128.00 147.00 OK
r-oldrel-macos-arm64 4.2.7 67.00 OK
r-oldrel-macos-x86_64 4.2.7 99.00 OK
r-oldrel-windows-x86_64 4.2.7 26.00 154.00 180.00 OK

Check Details

Version: 4.2.7
Check: package dependencies
Result: ERROR Package required but not available: ‘lomb’ See section ‘The DESCRIPTION file’ in the ‘Writing R Extensions’ manual. Flavor: r-devel-linux-x86_64-debian-gcc

Version: 4.2.7
Check: Rd cross-references
Result: NOTE Undeclared packages ‘tseries’, ‘TSA’ in Rd xrefs Flavor: r-devel-linux-x86_64-fedora-clang