CRAN Package Check Results for Package RJDBC

Last updated on 2020-10-20 06:46:55 CEST.

Flavor Version Tinstall Tcheck Ttotal Status Flags
r-devel-linux-x86_64-debian-clang 0.2-8 4.04 38.04 42.08 OK
r-devel-linux-x86_64-debian-gcc 0.2-8 4.16 29.39 33.55 OK
r-devel-linux-x86_64-fedora-clang 0.2-8 60.53 OK
r-devel-linux-x86_64-fedora-gcc 0.2-8 51.17 OK
r-devel-windows-ix86+x86_64 0.2-8 10.00 45.00 55.00 OK
r-patched-linux-x86_64 0.2-8 4.13 36.12 40.25 OK
r-patched-solaris-x86 0.2-8 73.70 OK
r-release-linux-x86_64 0.2-8 5.12 36.34 41.46 OK
r-release-macos-x86_64 0.2-8 OK
r-release-windows-ix86+x86_64 0.2-8 11.00 55.00 66.00 OK
r-oldrel-macos-x86_64 0.2-8 OK
r-oldrel-windows-ix86+x86_64 0.2-8 4.00 7.00 11.00 ERROR

Check Details

Version: 0.2-8
Check: whether package can be installed
Result: ERROR
    Installation failed.
Flavor: r-oldrel-windows-ix86+x86_64