CRAN Package Check Results for Package RKEELjars

Last updated on 2022-05-29 06:51:41 CEST.

Flavor Version Tinstall Tcheck Ttotal Status Flags
r-devel-linux-x86_64-debian-clang 1.0.20 2.72 31.21 33.93 OK
r-devel-linux-x86_64-debian-gcc 1.0.20 2.31 24.66 26.97 OK
r-devel-linux-x86_64-fedora-clang 1.0.20 42.24 NOTE
r-devel-linux-x86_64-fedora-gcc 1.0.20 41.71 OK
r-devel-windows-x86_64 1.0.20 48.00 52.00 100.00 NOTE
r-patched-linux-x86_64 1.0.20 2.81 30.63 33.44 OK
r-release-linux-x86_64 1.0.20 2.23 30.68 32.91 OK
r-release-macos-arm64 1.0.20 20.00 NOTE
r-release-macos-x86_64 1.0.20 27.00 NOTE
r-release-windows-x86_64 1.0.20 44.00 52.00 96.00 NOTE
r-oldrel-macos-arm64 1.0.20 26.00 NOTE
r-oldrel-macos-x86_64 1.0.20 24.00 NOTE
r-oldrel-windows-ix86+x86_64 1.0.20 12.00 39.00 51.00 NOTE

Check Details

Version: 1.0.20
Check: installed package size
Result: NOTE
     installed size is 23.9Mb
     sub-directories of 1Mb or more:
     exe 23.8Mb
Flavors: r-devel-linux-x86_64-fedora-clang, r-devel-windows-x86_64, r-release-macos-arm64, r-release-macos-x86_64, r-release-windows-x86_64, r-oldrel-macos-arm64, r-oldrel-macos-x86_64, r-oldrel-windows-ix86+x86_64