Last updated on 2023-11-28 07:53:15 CET.
Flavor | Version | Tinstall | Tcheck | Ttotal | Status | Flags |
---|---|---|---|---|---|---|
r-devel-linux-x86_64-debian-clang | 1.1 | 234.03 | 33.64 | 267.67 | OK | |
r-devel-linux-x86_64-debian-gcc | 1.1 | 173.47 | 31.13 | 204.60 | OK | |
r-devel-linux-x86_64-fedora-clang | 1.1 | 374.04 | OK | |||
r-devel-linux-x86_64-fedora-gcc | 1.1 | 415.45 | OK | |||
r-devel-windows-x86_64 | 1.1 | 169.00 | 82.00 | 251.00 | OK | |
r-patched-linux-x86_64 | 1.1 | 199.80 | 39.63 | 239.43 | OK | |
r-release-linux-x86_64 | 1.1 | 203.81 | 39.32 | 243.13 | OK | |
r-release-macos-arm64 | 1.1 | 99.00 | NOTE | |||
r-release-macos-x86_64 | 1.1 | 154.00 | NOTE | |||
r-release-windows-x86_64 | 1.1 | 224.00 | 95.00 | 319.00 | OK | |
r-oldrel-macos-arm64 | 1.1 | 82.00 | NOTE | |||
r-oldrel-macos-x86_64 | 1.1 | 110.00 | NOTE | |||
r-oldrel-windows-x86_64 | 1.1 | 202.00 | 86.00 | 288.00 | OK |
Version: 1.1
Check: installed package size
Result: NOTE
installed size is 19.9Mb
sub-directories of 1Mb or more:
libs 19.7Mb
Flavors: r-release-macos-arm64, r-release-macos-x86_64, r-oldrel-macos-arm64, r-oldrel-macos-x86_64