Last updated on 2023-02-02 06:55:04 CET.
Flavor | Version | Tinstall | Tcheck | Ttotal | Status | Flags |
---|---|---|---|---|---|---|
r-devel-linux-x86_64-debian-clang | 1.1 | 229.23 | 35.07 | 264.30 | OK | |
r-devel-linux-x86_64-debian-gcc | 1.1 | 185.67 | 31.24 | 216.91 | OK | |
r-devel-linux-x86_64-fedora-clang | 1.1 | 378.90 | OK | |||
r-devel-linux-x86_64-fedora-gcc | 1.1 | 379.53 | OK | |||
r-patched-linux-x86_64 | 1.1 | 201.95 | 37.74 | 239.69 | OK | |
r-release-linux-x86_64 | 1.1 | 196.16 | 37.68 | 233.84 | OK | |
r-release-macos-arm64 | 1.1 | 82.00 | NOTE | |||
r-release-macos-x86_64 | 1.1 | 110.00 | NOTE | |||
r-release-windows-x86_64 | 1.1 | 166.00 | 107.00 | 273.00 | OK | |
r-oldrel-macos-arm64 | 1.1 | 101.00 | NOTE | |||
r-oldrel-macos-x86_64 | 1.1 | 163.00 | NOTE | |||
r-oldrel-windows-ix86+x86_64 | 1.1 | 499.00 | 104.00 | 603.00 | OK |
Version: 1.1
Check: installed package size
Result: NOTE
installed size is 19.8Mb
sub-directories of 1Mb or more:
libs 19.7Mb
Flavors: r-release-macos-arm64, r-release-macos-x86_64, r-oldrel-macos-arm64, r-oldrel-macos-x86_64