CRAN Package Check Results for Package RMPSH

Last updated on 2023-02-02 06:55:04 CET.

Flavor Version Tinstall Tcheck Ttotal Status Flags
r-devel-linux-x86_64-debian-clang 1.1.1 56.06 29.26 85.32 NOTE
r-devel-linux-x86_64-debian-gcc 1.1.1 44.82 22.64 67.46 NOTE
r-devel-linux-x86_64-fedora-clang 1.1.1 132.85 NOTE
r-devel-linux-x86_64-fedora-gcc 1.1.1 114.42 NOTE
r-patched-linux-x86_64 1.1.1 42.83 29.67 72.50 NOTE
r-release-linux-x86_64 1.1.1 43.73 30.15 73.88 NOTE
r-release-macos-arm64 1.1.1 30.00 NOTE
r-release-macos-x86_64 1.1.1 45.00 NOTE
r-release-windows-x86_64 1.1.1 57.00 82.00 139.00 NOTE
r-oldrel-macos-arm64 1.1.1 34.00 NOTE
r-oldrel-macos-x86_64 1.1.1 63.00 NOTE
r-oldrel-windows-ix86+x86_64 1.1.1 109.00 81.00 190.00 NOTE

Check Details

Version: 1.1.1
Check: LazyData
Result: NOTE
     'LazyData' is specified without a 'data' directory
Flavors: r-devel-linux-x86_64-debian-clang, r-devel-linux-x86_64-debian-gcc, r-devel-linux-x86_64-fedora-clang, r-devel-linux-x86_64-fedora-gcc, r-patched-linux-x86_64, r-release-linux-x86_64, r-release-macos-arm64, r-release-macos-x86_64, r-release-windows-x86_64, r-oldrel-macos-arm64, r-oldrel-macos-x86_64, r-oldrel-windows-ix86+x86_64