Last updated on 2025-01-16 06:49:25 CET.
Flavor | Version | Tinstall | Tcheck | Ttotal | Status | Flags |
---|---|---|---|---|---|---|
r-devel-linux-x86_64-debian-clang | 0.0.1 | 3.18 | 42.56 | 45.74 | OK | |
r-devel-linux-x86_64-debian-gcc | 0.0.1 | 2.46 | 33.31 | 35.77 | OK | |
r-devel-linux-x86_64-fedora-clang | 0.0.1 | 75.88 | NOTE | |||
r-devel-linux-x86_64-fedora-gcc | 0.0.1 | 94.55 | NOTE | |||
r-devel-windows-x86_64 | 0.0.1 | 7.00 | 63.00 | 70.00 | OK | |
r-patched-linux-x86_64 | 0.0.1 | 2.77 | 44.76 | 47.53 | OK | |
r-release-linux-x86_64 | 0.0.1 | 3.56 | 44.38 | 47.94 | OK | |
r-release-macos-arm64 | 0.0.1 | 33.00 | OK | |||
r-release-macos-x86_64 | 0.0.1 | 78.00 | OK | |||
r-release-windows-x86_64 | 0.0.1 | 5.00 | 62.00 | 67.00 | OK | |
r-oldrel-macos-arm64 | 0.0.1 | 33.00 | OK | |||
r-oldrel-macos-x86_64 | 0.0.1 | 56.00 | OK | |||
r-oldrel-windows-x86_64 | 0.0.1 | 4.00 | 72.00 | 76.00 | OK |
Version: 0.0.1
Check: dependencies in R code
Result: NOTE
Namespace in Imports field not imported from: ‘quadprog’
All declared Imports should be used.
Flavors: r-devel-linux-x86_64-fedora-clang, r-devel-linux-x86_64-fedora-gcc