CRAN Package Check Results for Package RMySQL

Last updated on 2021-11-30 06:49:36 CET.

Flavor Version Tinstall Tcheck Ttotal Status Flags
r-devel-linux-x86_64-debian-clang 0.10.22 8.27 34.12 42.39 OK
r-devel-linux-x86_64-debian-gcc 0.10.22 6.52 27.06 33.58 OK
r-devel-linux-x86_64-fedora-clang 0.10.22 62.59 OK
r-devel-linux-x86_64-fedora-gcc 0.10.22 52.79 OK
r-devel-windows-x86_64-new-UL 0.10.22 35.00 188.00 223.00 OK
r-devel-windows-x86_64-new-TK 0.10.22 OK
r-devel-windows-x86_64-old 0.10.22 22.00 90.00 112.00 OK
r-patched-linux-x86_64 0.10.22 8.53 33.03 41.56 OK
r-patched-solaris-x86 0.10.22 78.10 OK
r-release-linux-x86_64 0.10.22 7.82 32.98 40.80 OK
r-release-macos-arm64 0.10.22 OK
r-release-macos-x86_64 0.10.22 OK
r-release-windows-ix86+x86_64 0.10.22 29.00 149.00 178.00 NOTE
r-oldrel-macos-x86_64 0.10.22 OK
r-oldrel-windows-ix86+x86_64 0.10.22 24.00 159.00 183.00 NOTE

Check Details

Version: 0.10.22
Check: installed package size
Result: NOTE
     installed size is 6.6Mb
     sub-directories of 1Mb or more:
     libs 6.3Mb
Flavors: r-release-windows-ix86+x86_64, r-oldrel-windows-ix86+x86_64