CRAN Package Check Results for Package RMySQL

Last updated on 2022-10-06 06:49:45 CEST.

Flavor Version Tinstall Tcheck Ttotal Status Flags
r-devel-linux-x86_64-debian-clang 0.10.23 7.79 40.76 48.55 OK
r-devel-linux-x86_64-debian-gcc 0.10.23 6.47 31.51 37.98 OK
r-devel-linux-x86_64-fedora-clang 0.10.23 72.76 WARN
r-devel-linux-x86_64-fedora-gcc 0.10.23 68.71 WARN
r-devel-windows-x86_64 0.10.23 49.00 148.00 197.00 OK
r-patched-linux-x86_64 0.10.23 6.53 36.68 43.21 OK
r-release-linux-x86_64 0.10.23 7.32 36.84 44.16 OK
r-release-macos-arm64 0.10.23 25.00 OK
r-release-macos-x86_64 0.10.23 36.00 OK
r-release-windows-x86_64 0.10.23 60.00 148.00 208.00 OK
r-oldrel-macos-arm64 0.10.23 30.00 OK
r-oldrel-macos-x86_64 0.10.23 35.00 OK
r-oldrel-windows-ix86+x86_64 0.10.23 28.00 185.00 213.00 NOTE

Check Details

Version: 0.10.23
Check: whether package can be installed
Result: WARN
    Found the following significant warnings:
     ./RS-MySQL.h:104:27: warning: a function declaration without a prototype is deprecated in all versions of C [-Wstrict-prototypes]
     ./RS-MySQL.h:106:24: warning: a function declaration without a prototype is deprecated in all versions of C [-Wstrict-prototypes]
     driver.c:4:27: warning: a function declaration without a prototype is deprecated in all versions of C [-Wstrict-prototypes]
     driver.c:9:25: warning: a function declaration without a prototype is deprecated in all versions of C [-Wstrict-prototypes]
     driver.c:59:25: warning: a function declaration without a prototype is deprecated in all versions of C [-Wstrict-prototypes]
     driver.c:78:24: warning: a function declaration without a prototype is deprecated in all versions of C [-Wstrict-prototypes]
     utils.c:261:20: warning: a function declaration without a prototype is deprecated in all versions of C [-Wstrict-prototypes]
Flavor: r-devel-linux-x86_64-fedora-clang

Version: 0.10.23
Check: whether package can be installed
Result: WARN
    Found the following significant warnings:
     RS-MySQL.h:104:1: warning: function declaration isn’t a prototype [-Wstrict-prototypes]
     RS-MySQL.h:106:1: warning: function declaration isn’t a prototype [-Wstrict-prototypes]
     driver.c:4:14: warning: function declaration isn’t a prototype [-Wstrict-prototypes]
     driver.c:9:6: warning: function declaration isn’t a prototype [-Wstrict-prototypes]
     driver.c:59:6: warning: function declaration isn’t a prototype [-Wstrict-prototypes]
     driver.c:78:6: warning: function declaration isn’t a prototype [-Wstrict-prototypes]
     utils.c:261:6: warning: function declaration isn’t a prototype [-Wstrict-prototypes]
Flavor: r-devel-linux-x86_64-fedora-gcc

Version: 0.10.23
Check: installed package size
Result: NOTE
     installed size is 6.8Mb
     sub-directories of 1Mb or more:
     libs 6.4Mb
Flavor: r-oldrel-windows-ix86+x86_64