Last updated on 2022-07-02 07:07:09 CEST.
Flavor | Version | Tinstall | Tcheck | Ttotal | Status | Flags |
---|---|---|---|---|---|---|
r-devel-linux-x86_64-debian-clang | 1.1.0 | 8.86 | 101.29 | 110.15 | NOTE | |
r-devel-linux-x86_64-debian-gcc | 1.1.0 | 6.74 | 76.20 | 82.94 | NOTE | |
r-devel-linux-x86_64-fedora-clang | 1.1.0 | 136.37 | NOTE | |||
r-devel-linux-x86_64-fedora-gcc | 1.1.0 | 155.96 | NOTE | |||
r-devel-windows-x86_64 | 1.1.0 | 20.00 | 122.00 | 142.00 | NOTE | |
r-patched-linux-x86_64 | 1.1.0 | 5.67 | 103.89 | 109.56 | NOTE | |
r-release-linux-x86_64 | 1.1.0 | 7.14 | 103.37 | 110.51 | NOTE | |
r-release-macos-arm64 | 1.1.0 | 42.00 | NOTE | |||
r-release-macos-x86_64 | 1.1.0 | 59.00 | NOTE | |||
r-release-windows-x86_64 | 1.1.0 | 16.00 | 125.00 | 141.00 | NOTE | |
r-oldrel-macos-arm64 | 1.1.0 | 45.00 | NOTE | |||
r-oldrel-macos-x86_64 | 1.1.0 | 82.00 | NOTE | |||
r-oldrel-windows-ix86+x86_64 | 1.1.0 | 16.00 | 125.00 | 141.00 | NOTE |
Version: 1.1.0
Check: LazyData
Result: NOTE
'LazyData' is specified without a 'data' directory
Flavors: r-devel-linux-x86_64-debian-clang, r-devel-linux-x86_64-debian-gcc, r-devel-linux-x86_64-fedora-clang, r-devel-linux-x86_64-fedora-gcc, r-devel-windows-x86_64, r-patched-linux-x86_64, r-release-linux-x86_64, r-release-macos-arm64, r-release-macos-x86_64, r-release-windows-x86_64, r-oldrel-macos-arm64, r-oldrel-macos-x86_64, r-oldrel-windows-ix86+x86_64