CRAN Package Check Results for Package RNiftyReg

Last updated on 2021-06-13 06:50:01 CEST.

Flavor Version Tinstall Tcheck Ttotal Status Flags
r-devel-linux-x86_64-debian-clang 2.7.0 522.61 55.73 578.34 OK
r-devel-linux-x86_64-debian-gcc 2.7.0 371.29 48.55 419.84 OK
r-devel-linux-x86_64-fedora-clang 2.7.0 869.38 NOTE
r-devel-linux-x86_64-fedora-gcc 2.7.0 781.96 OK
r-devel-windows-x86_64 2.7.0 628.00 171.00 799.00 NOTE
r-devel-windows-x86_64-gcc10-UCRT 2.7.0 OK
r-patched-linux-x86_64 2.7.0 436.59 59.46 496.05 OK
r-patched-solaris-x86 2.7.0 625.70 OK
r-release-linux-x86_64 2.7.0 426.27 59.27 485.54 OK
r-release-macos-arm64 2.7.0 NOTE
r-release-macos-x86_64 2.7.0 NOTE
r-release-windows-ix86+x86_64 2.7.0 954.00 130.00 1084.00 NOTE
r-oldrel-macos-x86_64 2.7.0 NOTE
r-oldrel-windows-ix86+x86_64 2.7.0 861.00 129.00 990.00 NOTE

Check Details

Version: 2.7.0
Check: installed package size
Result: NOTE
     installed size is 89.6Mb
     sub-directories of 1Mb or more:
     extdata 2.0Mb
     libs 87.5Mb
Flavors: r-devel-linux-x86_64-fedora-clang, r-devel-windows-x86_64, r-release-macos-arm64, r-release-macos-x86_64, r-release-windows-ix86+x86_64, r-oldrel-macos-x86_64, r-oldrel-windows-ix86+x86_64