CRAN Package Check Results for Package ROI

Last updated on 2024-06-23 06:56:42 CEST.

Flavor Version Tinstall Tcheck Ttotal Status Flags
r-devel-linux-x86_64-debian-clang 1.0-1 9.04 606.64 615.68 NOTE
r-devel-linux-x86_64-debian-gcc 1.0-1 5.44 431.19 436.63 NOTE
r-devel-linux-x86_64-fedora-clang 1.0-1 76.31 NOTE
r-devel-linux-x86_64-fedora-gcc 1.0-1 72.96 NOTE
r-devel-windows-x86_64 1.0-1 43.00 337.00 380.00 NOTE
r-patched-linux-x86_64 1.0-1 10.03 561.33 571.36 NOTE
r-release-linux-x86_64 1.0-1 8.06 562.38 570.44 NOTE
r-release-macos-arm64 1.0-1 26.00 NOTE
r-release-macos-x86_64 1.0-1 36.00 NOTE
r-release-windows-x86_64 1.0-1 45.00 340.00 385.00 NOTE
r-oldrel-macos-arm64 1.0-1 25.00 OK
r-oldrel-macos-x86_64 1.0-1 46.00 OK
r-oldrel-windows-x86_64 1.0-1 42.00 422.00 464.00 OK

Check Details

Version: 1.0-1
Check: Rd files
Result: NOTE checkRd: (-1) ROI_plugin_build_equality_constraints.Rd:27: Lost braces in \enumerate; meant \describe ? checkRd: (-1) ROI_plugin_build_equality_constraints.Rd:28: Lost braces in \enumerate; meant \describe ? checkRd: (-1) ROI_plugin_build_inequality_constraints.Rd:27: Lost braces in \enumerate; meant \describe ? checkRd: (-1) ROI_plugin_build_inequality_constraints.Rd:28: Lost braces in \enumerate; meant \describe ? checkRd: (-1) ROI_plugin_build_inequality_constraints.Rd:29: Lost braces in \enumerate; meant \describe ? checkRd: (-1) ROI_solve.Rd:26: Lost braces in \itemize; \value handles \item{}{} directly checkRd: (-1) ROI_solve.Rd:27: Lost braces in \itemize; \value handles \item{}{} directly checkRd: (-1) ROI_solve.Rd:28-30: Lost braces in \itemize; \value handles \item{}{} directly checkRd: (-1) ROI_solve.Rd:31: Lost braces in \itemize; \value handles \item{}{} directly Flavors: r-devel-linux-x86_64-debian-clang, r-devel-linux-x86_64-debian-gcc, r-devel-linux-x86_64-fedora-clang, r-devel-linux-x86_64-fedora-gcc, r-devel-windows-x86_64, r-patched-linux-x86_64, r-release-linux-x86_64, r-release-macos-arm64, r-release-macos-x86_64, r-release-windows-x86_64