CRAN Package Check Results for Package RQEntangle

Last updated on 2023-09-24 06:53:48 CEST.

Flavor Version Tinstall Tcheck Ttotal Status Flags
r-devel-linux-x86_64-debian-clang 0.1.3 2.64 46.87 49.51 NOTE
r-devel-linux-x86_64-debian-gcc 0.1.3 1.96 34.72 36.68 NOTE
r-devel-linux-x86_64-fedora-clang 0.1.3 59.97 NOTE
r-devel-linux-x86_64-fedora-gcc 0.1.3 73.57 NOTE
r-devel-windows-x86_64 0.1.3 3.00 61.00 64.00 NOTE
r-patched-linux-x86_64 0.1.3 2.80 44.61 47.41 NOTE
r-release-linux-x86_64 0.1.3 2.54 43.90 46.44 NOTE
r-release-macos-arm64 0.1.3 29.00 NOTE
r-release-macos-x86_64 0.1.3 39.00 NOTE
r-release-windows-x86_64 0.1.3 5.00 63.00 68.00 NOTE
r-oldrel-macos-arm64 0.1.3 27.00 NOTE
r-oldrel-macos-x86_64 0.1.3 31.00 NOTE
r-oldrel-windows-x86_64 0.1.3 4.00 67.00 71.00 NOTE

Check Details

Version: 0.1.3
Check: LazyData
Result: NOTE
     'LazyData' is specified without a 'data' directory
Flavors: r-devel-linux-x86_64-debian-clang, r-devel-linux-x86_64-debian-gcc, r-devel-linux-x86_64-fedora-clang, r-devel-linux-x86_64-fedora-gcc, r-devel-windows-x86_64, r-patched-linux-x86_64, r-release-linux-x86_64, r-release-macos-arm64, r-release-macos-x86_64, r-release-windows-x86_64, r-oldrel-macos-arm64, r-oldrel-macos-x86_64, r-oldrel-windows-x86_64