CRAN Package Check Results for Package RRPP

Last updated on 2021-06-13 06:50:02 CEST.

Flavor Version Tinstall Tcheck Ttotal Status Flags
r-devel-linux-x86_64-debian-clang 1.0.0 16.03 250.43 266.46 OK
r-devel-linux-x86_64-debian-gcc 1.0.0 12.62 181.83 194.45 OK
r-devel-linux-x86_64-fedora-clang 1.0.0 325.39 NOTE
r-devel-linux-x86_64-fedora-gcc 1.0.0 313.68 NOTE
r-devel-windows-x86_64 1.0.0 20.00 305.00 325.00 OK
r-devel-windows-x86_64-gcc10-UCRT 1.0.0 NOTE
r-patched-linux-x86_64 1.0.0 19.53 234.61 254.14 OK
r-patched-solaris-x86 1.0.0 583.60 NOTE
r-release-linux-x86_64 1.0.0 16.43 232.27 248.70 OK
r-release-macos-arm64 1.0.0 NOTE
r-release-macos-x86_64 1.0.0 NOTE
r-release-windows-ix86+x86_64 1.0.0 28.00 307.00 335.00 OK
r-oldrel-macos-x86_64 1.0.0 NOTE
r-oldrel-windows-ix86+x86_64 1.0.0 45.00 322.00 367.00 OK

Check Details

Version: 1.0.0
Check: dependencies in R code
Result: NOTE
    Namespace in Imports field not imported from: ‘Rcpp’
     All declared Imports should be used.
Flavors: r-devel-linux-x86_64-fedora-clang, r-devel-linux-x86_64-fedora-gcc, r-devel-windows-x86_64-gcc10-UCRT, r-patched-solaris-x86, r-release-macos-arm64, r-release-macos-x86_64, r-oldrel-macos-x86_64