Last updated on 2022-07-04 06:51:34 CEST.
Flavor | Version | Tinstall | Tcheck | Ttotal | Status | Flags |
---|---|---|---|---|---|---|
r-devel-linux-x86_64-debian-clang | 4.1-1 | 30.15 | 170.47 | 200.62 | NOTE | |
r-devel-linux-x86_64-debian-gcc | 4.1-1 | 21.68 | 127.30 | 148.98 | NOTE | |
r-devel-linux-x86_64-fedora-clang | 4.1-1 | 248.84 | NOTE | |||
r-devel-linux-x86_64-fedora-gcc | 4.1-1 | 247.50 | NOTE | |||
r-devel-windows-x86_64 | 4.1-1 | 153.00 | 211.00 | 364.00 | NOTE | |
r-patched-linux-x86_64 | 4.1-1 | 30.05 | 158.97 | 189.02 | OK | |
r-release-linux-x86_64 | 4.1-1 | 32.88 | 160.85 | 193.73 | OK | |
r-release-macos-arm64 | 4.1-1 | 75.00 | OK | |||
r-release-macos-x86_64 | 4.1-1 | 93.00 | OK | |||
r-release-windows-x86_64 | 4.1-1 | 73.00 | 204.00 | 277.00 | OK | |
r-oldrel-macos-arm64 | 4.1-1 | 68.00 | OK | |||
r-oldrel-macos-x86_64 | 4.1-1 | 93.00 | OK | |||
r-oldrel-windows-ix86+x86_64 | 4.1-1 | 57.00 | 250.00 | 307.00 | OK |
Version: 4.1-1
Check: Rd files
Result: NOTE
checkRd: (-1) DOsgram.Rd:55: Escaped LaTeX specials: \&
checkRd: (-1) MTM.drive.Rd:26: Escaped LaTeX specials: \&
checkRd: (-1) MTMdisp.Rd:28: Escaped LaTeX specials: \&
checkRd: (-1) MTMgabor.Rd:57: Escaped LaTeX specials: \&
checkRd: (-1) doGABOR.AR.Rd:55: Escaped LaTeX specials: \&
checkRd: (-1) doGABOR.MTM.Rd:64: Escaped LaTeX specials: \&
checkRd: (-1) evolMTM.Rd:41: Escaped LaTeX specials: \&
checkRd: (-1) get.slepians.Rd:24: Escaped LaTeX specials: \&
checkRd: (-1) mtapspec.Rd:45: Escaped LaTeX specials: \&
checkRd: (-1) plt.MTM0.Rd:26: Escaped LaTeX specials: \&
checkRd: (-1) save.wpix.Rd:15: Escaped LaTeX specials: \$
Flavors: r-devel-linux-x86_64-debian-clang, r-devel-linux-x86_64-debian-gcc, r-devel-linux-x86_64-fedora-clang, r-devel-linux-x86_64-fedora-gcc, r-devel-windows-x86_64