Last updated on 2021-01-17 06:47:02 CET.
Flavor | Version | Tinstall | Tcheck | Ttotal | Status | Flags |
---|---|---|---|---|---|---|
r-devel-linux-x86_64-debian-clang | 0.4-12 | 78.37 | 51.64 | 130.01 | OK | |
r-devel-linux-x86_64-debian-gcc | 0.4-12 | 59.56 | 40.28 | 99.84 | OK | |
r-devel-linux-x86_64-fedora-clang | 0.4-12 | 237.54 | NOTE | |||
r-devel-linux-x86_64-fedora-gcc | 0.4-12 | 171.89 | OK | |||
r-devel-windows-ix86+x86_64 | 0.4-12 | 177.00 | 89.00 | 266.00 | WARN | |
r-patched-linux-x86_64 | 0.4-12 | 72.60 | 50.19 | 122.79 | OK | |
r-patched-solaris-x86 | 0.4-12 | 171.80 | OK | |||
r-release-linux-x86_64 | 0.4-12 | 71.44 | 50.04 | 121.48 | OK | |
r-release-macos-x86_64 | 0.4-12 | NOTE | ||||
r-release-windows-ix86+x86_64 | 0.4-12 | 215.00 | 89.00 | 304.00 | WARN | |
r-oldrel-macos-x86_64 | 0.4-12 | NOTE | ||||
r-oldrel-windows-ix86+x86_64 | 0.4-12 | 217.00 | 82.00 | 299.00 | OK |
Version: 0.4-12
Check: installed package size
Result: NOTE
installed size is 7.6Mb
sub-directories of 1Mb or more:
libs 6.5Mb
Flavors: r-devel-linux-x86_64-fedora-clang, r-release-macos-x86_64, r-oldrel-macos-x86_64
Version: 0.4-12
Check: whether package can be installed
Result: WARN
Found the following significant warnings:
kr_io.cpp:891:9: warning: 'char* strcat(char*, const char*)' accessing 631 or more bytes at offsets 6607 and 7237 may overlap 1 byte at offset 7237 [-Wrestrict]
kr_io.cpp:868:9: warning: 'char* strcat(char*, const char*)' accessing 631 or more bytes at offsets 6607 and 7237 may overlap 1 byte at offset 7237 [-Wrestrict]
kr_io.cpp:891:9: warning: 'char* strcat(char*, const char*)' accessing 631 or more bytes at offsets 6719 and 7349 may overlap 1 byte at offset 7349 [-Wrestrict]
kr_io.cpp:868:9: warning: 'char* strcat(char*, const char*)' accessing 631 or more bytes at offsets 6719 and 7349 may overlap 1 byte at offset 7349 [-Wrestrict]
Flavors: r-devel-windows-ix86+x86_64, r-release-windows-ix86+x86_64