Last updated on 2023-03-27 06:50:19 CEST.
Flavor | Version | Tinstall | Tcheck | Ttotal | Status | Flags |
---|---|---|---|---|---|---|
r-devel-linux-x86_64-debian-clang | 1.5 | 1.98 | 26.85 | 28.83 | NOTE | |
r-devel-linux-x86_64-debian-gcc | 1.5 | 1.78 | 21.43 | 23.21 | NOTE | |
r-devel-linux-x86_64-fedora-clang | 1.5 | 38.03 | NOTE | |||
r-devel-linux-x86_64-fedora-gcc | 1.5 | 48.64 | NOTE | |||
r-devel-windows-x86_64 | 1.5 | 10.00 | 61.00 | 71.00 | NOTE | |
r-patched-linux-x86_64 | 1.5 | 2.22 | 26.09 | 28.31 | NOTE | |
r-release-linux-x86_64 | 1.5 | 2.32 | 28.16 | 30.48 | NOTE | |
r-release-macos-arm64 | 1.5 | 19.00 | NOTE | |||
r-release-macos-x86_64 | 1.5 | 23.00 | NOTE | |||
r-release-windows-x86_64 | 1.5 | 8.00 | 66.00 | 74.00 | NOTE | |
r-oldrel-macos-arm64 | 1.5 | 23.00 | NOTE | |||
r-oldrel-macos-x86_64 | 1.5 | 29.00 | NOTE | |||
r-oldrel-windows-ix86+x86_64 | 1.5 | 5.00 | 79.00 | 84.00 | NOTE |
Version: 1.5
Check: LazyData
Result: NOTE
'LazyData' is specified without a 'data' directory
Flavors: r-devel-linux-x86_64-debian-clang, r-devel-linux-x86_64-debian-gcc, r-devel-linux-x86_64-fedora-clang, r-devel-linux-x86_64-fedora-gcc, r-devel-windows-x86_64, r-patched-linux-x86_64, r-release-linux-x86_64, r-release-macos-arm64, r-release-macos-x86_64, r-release-windows-x86_64, r-oldrel-macos-arm64, r-oldrel-macos-x86_64, r-oldrel-windows-ix86+x86_64