CRAN Package Check Results for Package RTTWebClient

Last updated on 2023-09-24 06:53:48 CEST.

Flavor Version Tinstall Tcheck Ttotal Status Flags
r-devel-linux-x86_64-debian-clang 0.1.3 5.14 36.16 41.30 NOTE
r-devel-linux-x86_64-debian-gcc 0.1.3 3.68 27.23 30.91 NOTE
r-devel-linux-x86_64-fedora-clang 0.1.3 51.29 NOTE
r-devel-linux-x86_64-fedora-gcc 0.1.3 63.24 NOTE
r-devel-windows-x86_64 0.1.3 6.00 51.00 57.00 NOTE
r-patched-linux-x86_64 0.1.3 3.96 34.01 37.97 NOTE
r-release-linux-x86_64 0.1.3 3.96 34.35 38.31 NOTE
r-release-macos-arm64 0.1.3 39.00 NOTE
r-release-macos-x86_64 0.1.3 35.00 NOTE
r-release-windows-x86_64 0.1.3 6.00 50.00 56.00 NOTE
r-oldrel-macos-arm64 0.1.3 19.00 OK
r-oldrel-macos-x86_64 0.1.3 29.00 OK
r-oldrel-windows-x86_64 0.1.3 9.00 54.00 63.00 OK

Check Details

Version: 0.1.3
Check: package subdirectories
Result: NOTE
    Problems with news in ‘NEWS.md’:
    No news entries found.
Flavors: r-devel-linux-x86_64-debian-clang, r-devel-linux-x86_64-debian-gcc, r-devel-linux-x86_64-fedora-clang, r-devel-linux-x86_64-fedora-gcc, r-devel-windows-x86_64, r-patched-linux-x86_64, r-release-linux-x86_64, r-release-macos-arm64, r-release-macos-x86_64, r-release-windows-x86_64