CRAN Package Check Results for Package RVAideMemoire

Last updated on 2020-09-25 06:50:09 CEST.

Flavor Version Tinstall Tcheck Ttotal Status Flags
r-devel-linux-x86_64-debian-clang 0.9-78 18.18 126.49 144.67 NOTE
r-devel-linux-x86_64-debian-gcc 0.9-78 17.36 95.61 112.97 NOTE
r-devel-linux-x86_64-fedora-clang 0.9-78 184.81 NOTE
r-devel-linux-x86_64-fedora-gcc 0.9-78 189.78 NOTE
r-devel-windows-ix86+x86_64 0.9-78 33.00 275.00 308.00 OK
r-patched-linux-x86_64 0.9-78 18.87 117.36 136.23 NOTE
r-patched-solaris-x86 0.9-78 202.90 NOTE
r-release-linux-x86_64 0.9-78 21.08 119.50 140.58 NOTE
r-release-macos-x86_64 0.9-78 OK
r-release-windows-ix86+x86_64 0.9-78 35.00 165.00 200.00 OK
r-oldrel-macos-x86_64 0.9-78 OK
r-oldrel-windows-ix86+x86_64 0.9-78 29.00 164.00 193.00 OK

Check Details

Version: 0.9-78
Check: Rd cross-references
Result: NOTE
    Unknown package 'npsm' in Rd xrefs
Flavors: r-devel-linux-x86_64-debian-clang, r-devel-linux-x86_64-debian-gcc, r-devel-linux-x86_64-fedora-gcc, r-patched-linux-x86_64, r-patched-solaris-x86, r-release-linux-x86_64

Version: 0.9-78
Check: Rd cross-references
Result: NOTE
    Undeclared packages ‘labdsv’, ‘ape’, ‘RGCCA’, ‘FSA’, ‘npsm’, ‘mvnormtest’, ‘EMT’, ‘statmod’ in Rd xrefs
    Unknown package ‘npsm’ in Rd xrefs
Flavor: r-devel-linux-x86_64-fedora-clang