CRAN Package Check Results for Package RVerbalExpressions

Last updated on 2023-03-22 05:52:38 CET.

Flavor Version Tinstall Tcheck Ttotal Status Flags
r-devel-linux-x86_64-debian-clang 0.1.0 2.15 30.07 32.22 NOTE
r-devel-linux-x86_64-debian-gcc 0.1.0 1.96 23.67 25.63 NOTE
r-devel-linux-x86_64-fedora-clang 0.1.0 44.04 NOTE
r-devel-linux-x86_64-fedora-gcc 0.1.0 54.00 NOTE
r-devel-windows-x86_64 0.1.0 78.00 70.00 148.00 NOTE
r-patched-linux-x86_64 0.1.0 2.19 29.74 31.93 NOTE
r-release-linux-x86_64 0.1.0 2.51 29.87 32.38 NOTE
r-release-macos-arm64 0.1.0 18.00 NOTE
r-release-macos-x86_64 0.1.0 27.00 NOTE
r-release-windows-x86_64 0.1.0 114.00 63.00 177.00 NOTE
r-oldrel-macos-arm64 0.1.0 24.00 NOTE
r-oldrel-macos-x86_64 0.1.0 33.00 NOTE
r-oldrel-windows-ix86+x86_64 0.1.0 6.00 58.00 64.00 NOTE

Check Details

Version: 0.1.0
Check: LazyData
Result: NOTE
     'LazyData' is specified without a 'data' directory
Flavors: r-devel-linux-x86_64-debian-clang, r-devel-linux-x86_64-debian-gcc, r-devel-linux-x86_64-fedora-clang, r-devel-linux-x86_64-fedora-gcc, r-devel-windows-x86_64, r-patched-linux-x86_64, r-release-linux-x86_64, r-release-macos-arm64, r-release-macos-x86_64, r-release-windows-x86_64, r-oldrel-macos-arm64, r-oldrel-macos-x86_64, r-oldrel-windows-ix86+x86_64