CRAN Package Check Results for Package RadialVisGadgets

Last updated on 2023-03-21 15:52:27 CET.

Flavor Version Tinstall Tcheck Ttotal Status Flags
r-devel-linux-x86_64-debian-clang 0.2.0 17.74 144.22 161.96 NOTE
r-devel-linux-x86_64-debian-gcc 0.2.0 14.13 108.40 122.53 NOTE
r-devel-linux-x86_64-fedora-clang 0.2.0 213.32 NOTE
r-devel-linux-x86_64-fedora-gcc 0.2.0 217.64 NOTE
r-devel-windows-x86_64 0.2.0 59.00 171.00 230.00 NOTE
r-patched-linux-x86_64 0.2.0 13.01 138.72 151.73 NOTE
r-release-linux-x86_64 0.2.0 16.80 135.48 152.28 NOTE
r-release-macos-arm64 0.2.0 58.00 NOTE
r-release-macos-x86_64 0.2.0 98.00 NOTE
r-release-windows-x86_64 0.2.0 36.00 178.00 214.00 NOTE
r-oldrel-macos-arm64 0.2.0 56.00 NOTE
r-oldrel-macos-x86_64 0.2.0 104.00 NOTE
r-oldrel-windows-ix86+x86_64 0.2.0 41.00 165.00 206.00 NOTE

Check Details

Version: 0.2.0
Check: LazyData
Result: NOTE
     'LazyData' is specified without a 'data' directory
Flavors: r-devel-linux-x86_64-debian-clang, r-devel-linux-x86_64-debian-gcc, r-devel-linux-x86_64-fedora-clang, r-devel-linux-x86_64-fedora-gcc, r-devel-windows-x86_64, r-patched-linux-x86_64, r-release-linux-x86_64, r-release-macos-arm64, r-release-macos-x86_64, r-release-windows-x86_64, r-oldrel-macos-arm64, r-oldrel-macos-x86_64, r-oldrel-windows-ix86+x86_64