CRAN Package Check Results for Package RandomCoefficients

Last updated on 2021-01-18 06:46:45 CET.

Flavor Version Tinstall Tcheck Ttotal Status Flags
r-devel-linux-x86_64-debian-clang 0.0.2 10.38 100.49 110.87 OK
r-devel-linux-x86_64-debian-gcc 0.0.2 9.09 78.90 87.99 OK
r-devel-linux-x86_64-fedora-clang 0.0.2 143.48 OK
r-devel-linux-x86_64-fedora-gcc 0.0.2 138.93 OK
r-devel-windows-ix86+x86_64 0.0.2 16.00 100.00 116.00 OK
r-patched-linux-x86_64 0.0.2 10.17 94.61 104.78 OK
r-patched-solaris-x86 0.0.2 209.50 OK
r-release-linux-x86_64 0.0.2 10.27 90.94 101.21 WARN
r-release-macos-x86_64 0.0.2 OK
r-release-windows-ix86+x86_64 0.0.2 19.00 105.00 124.00 OK
r-oldrel-macos-x86_64 0.0.2 OK
r-oldrel-windows-ix86+x86_64 0.0.2 20.00 117.00 137.00 OK

Check Details

Version: 0.0.2
Check: re-building of vignette outputs
Result: WARN
    Error(s) in re-building vignettes:
     ...
    --- re-building ‘RandomCoefficients.Rnw’ using knitr
    Error: processing vignette 'RandomCoefficients.Rnw' failed with diagnostics:
    Running ‘texi2dvi’ on ‘RandomCoefficients.tex’ failed.
    LaTeX errors:
    ! Undefined control sequence.
    <recently read> \Hy@colorlink
    
    l.140 \begin{document}
    
    ! Undefined control sequence.
    \close@pdflink ->\Hy@endcolorlink
     \Hy@VerboseLinkStop \pdfendlink
    l.140 \begin{document}
    
    ! Undefined control sequence.
    <recently read> \Hy@colorlink
    
    l.140 \begin{document}
    
    ! Undefined control sequence.
    \close@pdflink ->\Hy@endcolorlink
     \Hy@VerboseLinkStop \pdfendlink
    l.140 \begin{document}
    
    ! Undefined control sequence.
    <recently read> \Hy@colorlink
    
    l.140 \begin{document}
    
    ! Undefined control sequence.
    \close@pdflink ->\Hy@endcolorlink
     \Hy@VerboseLinkStop \pdfendlink
    l.140 \begin{document}
    
    ! Undefined control sequence.
    <recently read> \Hy@colorlink
    
    l.140 \begin{document}
    
    ! Undefined control sequence.
    \close@pdflink ->\Hy@endcolorlink
     \Hy@VerboseLinkStop \pdfendlink
    l.140 \begin{document}
    
    ! Undefined control sequence.
    <recently read> \Hy@colorlink
    
    l.140 \begin{document}
    
    ! Undefined control sequence.
    \close@pdflink ->\Hy@endcolorlink
     \Hy@VerboseLinkStop \pdfendlink
    l.140 \begin{document}
    
    ! Undefined control sequence.
    <recently read> \Hy@colorlink
    
    l.140 \begin{document}
    
    ! Undefined control sequence.
    \close@pdflink ->\Hy@endcolorlink
     \Hy@VerboseLinkStop \pdfendlink
    l.140 \begin{document}
    
    --- failed re-building ‘RandomCoefficients.Rnw’
    
    SUMMARY: processing the following file failed:
     ‘RandomCoefficients.Rnw’
    
    Error: Vignette re-building failed.
    Execution halted
Flavor: r-release-linux-x86_64