Last updated on 2023-01-31 06:51:32 CET.
Flavor | Version | Tinstall | Tcheck | Ttotal | Status | Flags |
---|---|---|---|---|---|---|
r-devel-linux-x86_64-debian-clang | 0.98.0 | 68.53 | 68.63 | 137.16 | OK | |
r-devel-linux-x86_64-debian-gcc | 0.98.0 | 53.92 | 56.59 | 110.51 | OK | |
r-devel-linux-x86_64-fedora-clang | 0.98.0 | 198.02 | OK | |||
r-devel-linux-x86_64-fedora-gcc | 0.98.0 | 196.14 | OK | |||
r-devel-windows-x86_64 | 0.98.0 | 101.00 | 167.00 | 268.00 | OK | |
r-patched-linux-x86_64 | 0.98.0 | 50.77 | 68.56 | 119.33 | OK | |
r-release-linux-x86_64 | 0.98.0 | 57.93 | 68.73 | 126.66 | OK | |
r-release-macos-arm64 | 0.98.0 | 69.00 | NOTE | |||
r-release-macos-x86_64 | 0.98.0 | 82.00 | NOTE | |||
r-release-windows-x86_64 | 0.98.0 | 81.00 | 178.00 | 259.00 | OK | |
r-oldrel-macos-arm64 | 0.98.0 | 70.00 | NOTE | |||
r-oldrel-macos-x86_64 | 0.98.0 | 89.00 | NOTE | |||
r-oldrel-windows-ix86+x86_64 | 0.98.0 | 157.00 | 191.00 | 348.00 | OK |
Version: 0.98.0
Check: installed package size
Result: NOTE
installed size is 5.3Mb
sub-directories of 1Mb or more:
libs 4.7Mb
Flavors: r-release-macos-arm64, r-release-macos-x86_64, r-oldrel-macos-arm64, r-oldrel-macos-x86_64