Last updated on 2023-02-02 06:55:03 CET.
Flavor | Version | Tinstall | Tcheck | Ttotal | Status | Flags |
---|---|---|---|---|---|---|
r-devel-linux-x86_64-debian-clang | 1.1.1 | 331.58 | 185.11 | 516.69 | NOTE | |
r-devel-linux-x86_64-debian-gcc | 1.1.1 | 271.94 | 140.07 | 412.01 | NOTE | |
r-devel-linux-x86_64-fedora-clang | 1.1.2 | 796.32 | NOTE | |||
r-devel-linux-x86_64-fedora-gcc | 1.1.2 | 729.73 | WARN | |||
r-devel-windows-x86_64 | 1.1.1 | 326.00 | 255.00 | 581.00 | NOTE | |
r-patched-linux-x86_64 | 1.1.1 | 277.96 | 181.60 | 459.56 | OK | |
r-release-linux-x86_64 | 1.1.1 | 240.15 | 184.22 | 424.37 | OK | |
r-release-macos-arm64 | 1.1.2 | 163.00 | NOTE | |||
r-release-macos-x86_64 | 1.1.1 | 233.00 | NOTE | |||
r-release-windows-x86_64 | 1.1.1 | 294.00 | 279.00 | 573.00 | NOTE | |
r-oldrel-macos-arm64 | 1.1.2 | 170.00 | NOTE | |||
r-oldrel-macos-x86_64 | 1.1.1 | 234.00 | NOTE | |||
r-oldrel-windows-ix86+x86_64 | 1.1.1 | 773.00 | 302.00 | 1075.00 | NOTE |
Version: 1.1.1
Check: C++ specification
Result: NOTE
Specified C++11: please update to current default of C++17
Flavors: r-devel-linux-x86_64-debian-clang, r-devel-linux-x86_64-debian-gcc, r-devel-windows-x86_64
Version: 1.1.2
Check: installed package size
Result: NOTE
installed size is 5.6Mb
sub-directories of 1Mb or more:
data 3.9Mb
Flavors: r-devel-linux-x86_64-fedora-clang, r-release-macos-arm64, r-oldrel-macos-arm64
Version: 1.1.2
Check: whether package can be installed
Result: WARN
Found the following significant warnings:
/data/gannet/ripley/R/test-dev/RcppParallel/include/tbb/concurrent_hash_map.h:343:23: warning: ‘template<class _Category, class _Tp, class _Distance, class _Pointer, class _Reference> struct std::iterator’ is deprecated [-Wdeprecated-declarations]
/data/gannet/ripley/R/test-dev/RcppParallel/include/tbb/internal/_concurrent_queue_impl.h:744:21: warning: ‘template<class _Category, class _Tp, class _Distance, class _Pointer, class _Reference> struct std::iterator’ is deprecated [-Wdeprecated-declarations]
/data/gannet/ripley/R/test-dev/RcppParallel/include/tbb/internal/_concurrent_queue_impl.h:1003:21: warning: ‘template<class _Category, class _Tp, class _Distance, class _Pointer, class _Reference> struct std::iterator’ is deprecated [-Wdeprecated-declarations]
/data/gannet/ripley/R/test-dev/RcppParallel/include/tbb/internal/_concurrent_unordered_impl.h:67:36: warning: ‘template<class _Category, class _Tp, class _Distance, class _Pointer, class _Reference> struct std::iterator’ is deprecated [-Wdeprecated-declarations]
/data/gannet/ripley/R/test-dev/RcppParallel/include/RcppParallel/RMatrix.h:18:24: warning: ‘template<class _Category, class _Tp, class _Distance, class _Pointer, class _Reference> struct std::iterator’ is deprecated [-Wdeprecated-declarations]
See ‘/data/gannet/ripley/R/packages/tests-devel/Ravages.Rcheck/00install.out’ for details.
* used C compiler: ‘gcc (GCC) 12.2.1 20221121 (Red Hat 12.2.1-4)’
* used C++ compiler: ‘g++ (GCC) 12.2.1 20221121 (Red Hat 12.2.1-4)’
Flavor: r-devel-linux-x86_64-fedora-gcc
Version: 1.1.1
Check: installed package size
Result: NOTE
installed size is 6.5Mb
sub-directories of 1Mb or more:
data 3.9Mb
libs 1.5Mb
Flavors: r-devel-windows-x86_64, r-release-macos-x86_64, r-release-windows-x86_64, r-oldrel-macos-x86_64, r-oldrel-windows-ix86+x86_64