Last updated on 2023-12-10 06:50:35 CET.
Flavor | Version | Tinstall | Tcheck | Ttotal | Status | Flags |
---|---|---|---|---|---|---|
r-devel-linux-x86_64-debian-clang | 1.1.3.1 | 57.43 | 463.10 | 520.53 | NOTE | |
r-devel-linux-x86_64-debian-gcc | 1.1.3.1 | 47.86 | 345.03 | 392.89 | NOTE | |
r-devel-linux-x86_64-fedora-clang | 1.1.3.1 | 706.78 | NOTE | |||
r-devel-linux-x86_64-fedora-gcc | 1.1.3.1 | 667.18 | NOTE | |||
r-devel-windows-x86_64 | 1.1.3.1 | 58.00 | 477.00 | 535.00 | NOTE | |
r-patched-linux-x86_64 | 1.1.3.1 | 63.96 | 447.96 | 511.92 | NOTE | |
r-release-linux-x86_64 | 1.1.3.1 | 46.09 | 449.58 | 495.67 | NOTE | |
r-release-macos-arm64 | 1.1.3.1 | 139.00 | NOTE | |||
r-release-macos-x86_64 | 1.1.3.1 | 271.00 | NOTE | |||
r-release-windows-x86_64 | 1.1.3.1 | 62.00 | 429.00 | 491.00 | NOTE | |
r-oldrel-macos-arm64 | 1.1.3.1 | 212.00 | NOTE | |||
r-oldrel-macos-x86_64 | 1.1.3.1 | 276.00 | NOTE | |||
r-oldrel-windows-x86_64 | 1.1.3.1 | 61.00 | 362.00 | 423.00 | NOTE |
Version: 1.1.3.1
Check: package dependencies
Result: NOTE
Depends: includes the non-default packages:
'biclust', 'fabia', 'iBBiG', 'superbiclust', 'BcDiag', 'BicARE',
's4vd', 'BiBitR'
Adding so many packages to the search path is excessive and importing
selectively is preferable.
Flavors: r-devel-linux-x86_64-debian-clang, r-devel-linux-x86_64-debian-gcc, r-devel-linux-x86_64-fedora-clang, r-devel-linux-x86_64-fedora-gcc, r-devel-windows-x86_64, r-patched-linux-x86_64, r-release-linux-x86_64, r-release-windows-x86_64, r-oldrel-windows-x86_64
Version: 1.1.3.1
Check: package dependencies
Result: NOTE
Package suggested but not available for checking: ‘rqubic’
Depends: includes the non-default packages:
'biclust', 'fabia', 'iBBiG', 'superbiclust', 'BcDiag', 'BicARE',
's4vd', 'BiBitR'
Adding so many packages to the search path is excessive and importing
selectively is preferable.
Flavors: r-release-macos-arm64, r-release-macos-x86_64, r-oldrel-macos-arm64, r-oldrel-macos-x86_64