CRAN Package Check Results for Package RcmdrPlugin.GWRM

Last updated on 2022-05-29 06:51:40 CEST.

Flavor Version Tinstall Tcheck Ttotal Status Flags
r-devel-linux-x86_64-debian-clang 1.0.2 18.47 150.30 168.77 NOTE
r-devel-linux-x86_64-debian-gcc 1.0.2 16.18 111.80 127.98 NOTE
r-devel-linux-x86_64-fedora-clang 1.0.2 206.87 NOTE
r-devel-linux-x86_64-fedora-gcc 1.0.2 204.57 NOTE
r-devel-windows-x86_64 1.0.2 46.00 175.00 221.00 NOTE
r-patched-linux-x86_64 1.0.2 24.99 140.20 165.19 NOTE
r-release-linux-x86_64 1.0.2 17.52 141.15 158.67 NOTE
r-release-macos-arm64 1.0.2 62.00 NOTE
r-release-macos-x86_64 1.0.2 137.00 NOTE
r-release-windows-x86_64 1.0.2 45.00 160.00 205.00 NOTE
r-oldrel-macos-arm64 1.0.2 55.00 NOTE
r-oldrel-macos-x86_64 1.0.2 127.00 NOTE
r-oldrel-windows-ix86+x86_64 1.0.2 40.00 153.00 193.00 NOTE

Check Details

Version: 1.0.2
Check: LazyData
Result: NOTE
     'LazyData' is specified without a 'data' directory
Flavors: r-devel-linux-x86_64-debian-clang, r-devel-linux-x86_64-debian-gcc, r-devel-linux-x86_64-fedora-clang, r-devel-linux-x86_64-fedora-gcc, r-devel-windows-x86_64, r-patched-linux-x86_64, r-release-linux-x86_64, r-release-macos-arm64, r-release-macos-x86_64, r-release-windows-x86_64, r-oldrel-macos-arm64, r-oldrel-macos-x86_64, r-oldrel-windows-ix86+x86_64