Last updated on 2022-07-02 07:07:08 CEST.
Flavor | Version | Tinstall | Tcheck | Ttotal | Status | Flags |
---|---|---|---|---|---|---|
r-devel-linux-x86_64-debian-clang | 1.1.1 | 34.11 | 198.82 | 232.93 | OK | |
r-devel-linux-x86_64-debian-gcc | 1.1.1 | 23.90 | 143.65 | 167.55 | OK | |
r-devel-linux-x86_64-fedora-clang | 1.1.1 | 291.21 | NOTE | |||
r-devel-linux-x86_64-fedora-gcc | 1.1.1 | 282.09 | OK | |||
r-devel-windows-x86_64 | 1.1.1 | 246.00 | 234.00 | 480.00 | OK | |
r-patched-linux-x86_64 | 1.1.1 | 47.17 | 221.85 | 269.02 | OK | |
r-release-linux-x86_64 | 1.1.1 | 40.55 | 217.08 | 257.63 | OK | |
r-release-macos-arm64 | 1.1.1 | 73.00 | OK | |||
r-release-macos-x86_64 | 1.1.1 | 245.00 | OK | |||
r-release-windows-x86_64 | 1.1.1 | 141.00 | 253.00 | 394.00 | OK | |
r-oldrel-macos-arm64 | 1.1.1 | 58.00 | OK | |||
r-oldrel-macos-x86_64 | 1.1.1 | 153.00 | OK | |||
r-oldrel-windows-ix86+x86_64 | 1.1.1 | 59.00 | 205.00 | 264.00 | OK |
Version: 1.1.1
Check: Rd cross-references
Result: NOTE
Undeclared package ‘randtests’ in Rd xrefs
Flavor: r-devel-linux-x86_64-fedora-clang