CRAN Package Check Results for Package Rcpp

Last updated on 2023-04-01 07:10:48 CEST.

Flavor Version Tinstall Tcheck Ttotal Status Flags
r-devel-linux-x86_64-debian-clang 1.0.10 65.27 83.60 148.87 OK
r-devel-linux-x86_64-debian-gcc 1.0.10 40.34 66.04 106.38 OK
r-devel-linux-x86_64-fedora-clang 1.0.10 210.59 NOTE
r-devel-linux-x86_64-fedora-gcc 1.0.10 210.03 NOTE
r-devel-windows-x86_64 1.0.10 853.00 0.00 853.00 NOTE
r-patched-linux-x86_64 1.0.10 49.03 82.08 131.11 OK
r-release-linux-x86_64 1.0.10 48.39 81.30 129.69 OK
r-release-macos-arm64 1.0.10 66.00 NOTE
r-release-macos-x86_64 1.0.10 117.00 NOTE
r-release-windows-x86_64 1.0.10 488.00 264.00 752.00 NOTE
r-oldrel-macos-arm64 1.0.10 66.00 NOTE
r-oldrel-macos-x86_64 1.0.10 119.00 NOTE
r-oldrel-windows-ix86+x86_64 1.0.10 9.00 20.00 29.00 ERROR

Check Details

Version: 1.0.10
Check: installed package size
Result: NOTE
     installed size is 10.2Mb
     sub-directories of 1Mb or more:
     doc 1.1Mb
     include 6.4Mb
     tinytest 1.0Mb
Flavors: r-devel-linux-x86_64-fedora-clang, r-devel-windows-x86_64, r-release-macos-arm64, r-release-macos-x86_64, r-release-windows-x86_64, r-oldrel-macos-arm64, r-oldrel-macos-x86_64

Version: 1.0.10
Check: foreign function calls
Result: NOTE
    Registration problem:
     symbol ‘symbol’ in the local frame:
     .Call(symbol)
    See chapter ‘System and foreign language interfaces’ in the ‘Writing R
    Extensions’ manual.
Flavors: r-devel-linux-x86_64-fedora-clang, r-devel-linux-x86_64-fedora-gcc

Version: 1.0.10
Check: whether package can be installed
Result: ERROR
    Installation failed.
Flavor: r-oldrel-windows-ix86+x86_64