CRAN Package Check Results for Package Rcpp

Last updated on 2021-05-07 06:47:48 CEST.

Flavor Version Tinstall Tcheck Ttotal Status Flags
r-devel-linux-x86_64-debian-clang 1.0.6 63.87 81.00 144.87 OK
r-devel-linux-x86_64-debian-gcc 1.0.6 39.91 64.07 103.98 OK
r-devel-linux-x86_64-fedora-clang 1.0.6 212.23 NOTE
r-devel-linux-x86_64-fedora-gcc 1.0.6 180.88 NOTE
r-devel-windows-ix86+x86_64 1.0.6 115.00 15.00 130.00 ERROR
r-devel-windows-x86_64-gcc10-UCRT 1.0.6 OK
r-patched-linux-x86_64 1.0.6 46.54 79.80 126.34 OK
r-patched-solaris-x86 1.0.6 197.20 NOTE
r-release-linux-x86_64 1.0.6 52.10 78.85 130.95 OK
r-release-macos-x86_64 1.0.6 NOTE
r-release-windows-ix86+x86_64 1.0.6 109.00 113.00 222.00 NOTE
r-oldrel-macos-x86_64 1.0.6 NOTE
r-oldrel-windows-ix86+x86_64 1.0.6 127.00 98.00 225.00 NOTE

Check Details

Version: 1.0.6
Check: installed package size
Result: NOTE
     installed size is 13.6Mb
     sub-directories of 1Mb or more:
     doc 1.1Mb
     include 6.4Mb
     libs 4.0Mb
Flavors: r-devel-linux-x86_64-fedora-clang, r-patched-solaris-x86, r-release-macos-x86_64, r-release-windows-ix86+x86_64, r-oldrel-macos-x86_64, r-oldrel-windows-ix86+x86_64

Version: 1.0.6
Check: foreign function calls
Result: NOTE
    Registration problem:
     symbol ‘symbol’ in the local frame:
     .Call(symbol)
    See chapter ‘System and foreign language interfaces’ in the ‘Writing R
    Extensions’ manual.
Flavors: r-devel-linux-x86_64-fedora-clang, r-devel-linux-x86_64-fedora-gcc

Version: 1.0.6
Check: whether package can be installed
Result: ERROR
    Installation failed.
    See 'd:/Rcompile/CRANpkg/local/4.1/Rcpp.Rcheck/00install.out' for details.
    *
Flavor: r-devel-windows-ix86+x86_64