CRAN Package Check Results for Package RcppAlgos

Last updated on 2021-06-13 06:50:00 CEST.

Flavor Version Tinstall Tcheck Ttotal Status Flags
r-devel-linux-x86_64-debian-clang 2.4.3 434.39 103.01 537.40 OK
r-devel-linux-x86_64-debian-gcc 2.4.3 274.23 78.80 353.03 OK
r-devel-linux-x86_64-fedora-clang 2.4.3 768.63 NOTE
r-devel-linux-x86_64-fedora-gcc 2.4.3 659.43 OK
r-devel-windows-x86_64 2.4.3 478.00 149.00 627.00 OK
r-devel-windows-x86_64-gcc10-UCRT 2.4.3 OK
r-patched-linux-x86_64 2.4.3 332.16 100.30 432.46 OK
r-patched-solaris-x86 2.4.3 525.50 OK
r-release-linux-x86_64 2.4.3 327.32 102.24 429.56 OK
r-release-macos-arm64 2.4.3 NOTE
r-release-macos-x86_64 2.4.3 NOTE
r-release-windows-ix86+x86_64 2.4.3 772.00 231.00 1003.00 NOTE
r-oldrel-macos-x86_64 2.4.3 NOTE
r-oldrel-windows-ix86+x86_64 2.4.3 718.00 236.00 954.00 NOTE

Check Details

Version: 2.4.3
Check: installed package size
Result: NOTE
     installed size is 22.1Mb
     sub-directories of 1Mb or more:
     libs 20.7Mb
Flavors: r-devel-linux-x86_64-fedora-clang, r-release-macos-arm64, r-release-macos-x86_64, r-release-windows-ix86+x86_64, r-oldrel-macos-x86_64, r-oldrel-windows-ix86+x86_64