Last updated on 2023-01-31 06:51:33 CET.
Flavor | Version | Tinstall | Tcheck | Ttotal | Status | Flags |
---|---|---|---|---|---|---|
r-devel-linux-x86_64-debian-clang | 0.2.12 | 44.84 | 29.48 | 74.32 | OK | |
r-devel-linux-x86_64-debian-gcc | 0.2.12 | 35.28 | 23.26 | 58.54 | NOTE | |
r-devel-linux-x86_64-fedora-clang | 0.2.12 | 123.35 | NOTE | |||
r-devel-linux-x86_64-fedora-gcc | 0.2.12 | 97.38 | NOTE | |||
r-devel-windows-x86_64 | 0.2.12 | 58.00 | 82.00 | 140.00 | NOTE | |
r-patched-linux-x86_64 | 0.2.12 | 38.09 | 29.26 | 67.35 | OK | |
r-release-linux-x86_64 | 0.2.12 | 37.98 | 29.83 | 67.81 | OK | |
r-release-macos-arm64 | 0.2.12 | 35.00 | OK | |||
r-release-macos-x86_64 | 0.2.12 | 43.00 | OK | |||
r-release-windows-x86_64 | 0.2.12 | 54.00 | 92.00 | 146.00 | OK | |
r-oldrel-macos-arm64 | 0.2.12 | 36.00 | OK | |||
r-oldrel-macos-x86_64 | 0.2.12 | 46.00 | OK | |||
r-oldrel-windows-ix86+x86_64 | 0.2.12 | 121.00 | 94.00 | 215.00 | OK |
Version: 0.2.12
Check: C++ specification
Result: NOTE
Specified C++11: please update to current default of C++17
Flavors: r-devel-linux-x86_64-debian-gcc, r-devel-linux-x86_64-fedora-clang, r-devel-linux-x86_64-fedora-gcc, r-devel-windows-x86_64