CRAN Package Check Results for Package RcppCWB

Last updated on 2021-06-16 06:49:22 CEST.

Flavor Version Tinstall Tcheck Ttotal Status Flags
r-devel-linux-x86_64-debian-clang 0.3.2 57.29 33.57 90.86 OK
r-devel-linux-x86_64-debian-gcc 0.3.2 36.67 26.07 62.74 OK
r-devel-linux-x86_64-fedora-clang 0.3.2 132.24 OK
r-devel-linux-x86_64-fedora-gcc 0.3.2 111.46 OK
r-devel-windows-x86_64 0.3.2 49.00 68.00 117.00 OK
r-devel-windows-x86_64-gcc10-UCRT 0.3.2 ERROR
r-patched-linux-x86_64 0.3.2 44.65 32.10 76.75 OK
r-patched-solaris-x86 0.3.2 141.50 OK
r-release-linux-x86_64 0.3.2 46.29 32.18 78.47 OK
r-release-macos-arm64 0.3.2 ERROR
r-release-macos-x86_64 0.3.2 OK
r-release-windows-ix86+x86_64 0.3.2 93.00 91.00 184.00 NOTE
r-oldrel-macos-x86_64 0.3.2 OK
r-oldrel-windows-ix86+x86_64 0.3.2 71.00 95.00 166.00 NOTE

Check Details

Version: 0.3.2
Check: whether package can be installed
Result: ERROR
    Installation failed.
Flavors: r-devel-windows-x86_64-gcc10-UCRT, r-release-macos-arm64

Version: 0.3.2
Check: installed package size
Result: NOTE
     installed size is 6.7Mb
     sub-directories of 1Mb or more:
     libs 5.8Mb
Flavors: r-release-windows-ix86+x86_64, r-oldrel-windows-ix86+x86_64