CRAN Package Check Results for Package RcppDL

Last updated on 2021-06-21 06:49:21 CEST.

Flavor Version Tinstall Tcheck Ttotal Status Flags
r-devel-linux-x86_64-debian-clang 0.0.5 58.29 49.79 108.08 OK
r-devel-linux-x86_64-debian-gcc 0.0.5 37.12 38.82 75.94 OK
r-devel-linux-x86_64-fedora-clang 0.0.5 158.16 NOTE
r-devel-linux-x86_64-fedora-gcc 0.0.5 135.44 NOTE
r-devel-windows-x86_64 0.0.5 68.00 78.00 146.00 OK
r-devel-windows-x86_64-gcc10-UCRT 0.0.5 OK
r-patched-linux-x86_64 0.0.5 48.50 49.24 97.74 OK
r-patched-solaris-x86 0.0.5 153.20 OK
r-release-linux-x86_64 0.0.5 46.36 49.19 95.55 OK
r-release-macos-arm64 0.0.5 NOTE
r-release-macos-x86_64 0.0.5 OK
r-release-windows-ix86+x86_64 0.0.5 133.00 90.00 223.00 OK
r-oldrel-macos-x86_64 0.0.5 OK
r-oldrel-windows-ix86+x86_64 0.0.5 103.00 0.00 103.00 OK

Check Details

Version: 0.0.5
Check: compiled code
Result: NOTE
    File ‘RcppDL/libs/RcppDL.so’:
     Found no calls to: ‘R_registerRoutines’, ‘R_useDynamicSymbols’
    
    It is good practice to register native routines and to disable symbol
    search.
    
    See ‘Writing portable packages’ in the ‘Writing R Extensions’ manual.
Flavors: r-devel-linux-x86_64-fedora-clang, r-devel-linux-x86_64-fedora-gcc

Version: 0.0.5
Check: installed package size
Result: NOTE
     installed size is 5.2Mb
     sub-directories of 1Mb or more:
     libs 5.0Mb
Flavor: r-release-macos-arm64