CRAN Package Check Results for Package RcppEigen

Last updated on 2022-05-19 06:58:26 CEST.

Flavor Version Tinstall Tcheck Ttotal Status Flags
r-devel-linux-x86_64-debian-clang 0.3.3.9.2 82.68 94.19 176.87 OK
r-devel-linux-x86_64-debian-gcc 0.3.3.9.2 65.37 74.13 139.50 OK
r-devel-linux-x86_64-fedora-clang 0.3.3.9.2 232.23 NOTE
r-devel-linux-x86_64-fedora-gcc 0.3.3.9.2 230.86 OK
r-devel-windows-x86_64 0.3.3.9.2 996.00 279.00 1275.00 NOTE
r-patched-linux-x86_64 0.3.3.9.2 72.46 91.46 163.92 OK
r-release-linux-x86_64 0.3.3.9.2 71.99 93.19 165.18 OK
r-release-macos-arm64 0.3.3.9.2 97.00 NOTE
r-release-macos-x86_64 0.3.3.9.2 129.00 NOTE
r-release-windows-x86_64 0.3.3.9.2 1317.00 283.00 1600.00 NOTE
r-oldrel-macos-arm64 0.3.3.9.2 95.00 NOTE
r-oldrel-macos-x86_64 0.3.3.9.2 123.00 NOTE
r-oldrel-windows-ix86+x86_64 0.3.3.9.2 172.00 406.00 578.00 NOTE

Check Details

Version: 0.3.3.9.2
Check: installed package size
Result: NOTE
     installed size is 30.3Mb
     sub-directories of 1Mb or more:
     include 7.9Mb
     libs 21.8Mb
Flavors: r-devel-linux-x86_64-fedora-clang, r-devel-windows-x86_64, r-release-macos-arm64, r-release-macos-x86_64, r-release-windows-x86_64, r-oldrel-macos-arm64, r-oldrel-macos-x86_64, r-oldrel-windows-ix86+x86_64