CRAN Package Check Results for Package RcppFaddeeva

Last updated on 2021-06-19 06:48:22 CEST.

Flavor Version Tinstall Tcheck Ttotal Status Flags
r-devel-linux-x86_64-debian-clang 0.1.0 21.28 30.01 51.29 NOTE
r-devel-linux-x86_64-debian-gcc 0.1.0 12.71 23.71 36.42 NOTE
r-devel-linux-x86_64-fedora-clang 0.1.0 75.55 NOTE
r-devel-linux-x86_64-fedora-gcc 0.1.0 60.03 NOTE
r-devel-windows-x86_64 0.1.0 25.00 50.00 75.00 NOTE
r-devel-windows-x86_64-gcc10-UCRT 0.1.0 NOTE
r-patched-linux-x86_64 0.1.0 14.98 28.63 43.61 NOTE
r-patched-solaris-x86 0.1.0 76.60 NOTE
r-release-linux-x86_64 0.1.0 13.33 28.68 42.01 NOTE
r-release-macos-arm64 0.1.0 NOTE
r-release-macos-x86_64 0.1.0 NOTE
r-release-windows-ix86+x86_64 0.1.0 48.00 72.00 120.00 NOTE
r-oldrel-macos-x86_64 0.1.0 NOTE
r-oldrel-windows-ix86+x86_64 0.1.0 36.00 80.00 116.00 NOTE

Check Details

Version: 0.1.0
Check: R code for possible problems
Result: NOTE
    Gauss: no visible global function definition for 'dnorm'
    Undefined global functions or variables:
     dnorm
    Consider adding
     importFrom("stats", "dnorm")
    to your NAMESPACE file.
Flavors: r-devel-linux-x86_64-debian-clang, r-devel-linux-x86_64-debian-gcc, r-devel-linux-x86_64-fedora-clang, r-devel-linux-x86_64-fedora-gcc, r-devel-windows-x86_64, r-devel-windows-x86_64-gcc10-UCRT, r-patched-linux-x86_64, r-patched-solaris-x86, r-release-linux-x86_64, r-release-macos-arm64, r-release-macos-x86_64, r-release-windows-ix86+x86_64, r-oldrel-macos-x86_64, r-oldrel-windows-ix86+x86_64

Version: 0.1.0
Check: compiled code
Result: NOTE
    File ‘RcppFaddeeva/libs/RcppFaddeeva.so’:
     Found no calls to: ‘R_registerRoutines’, ‘R_useDynamicSymbols’
    
    It is good practice to register native routines and to disable symbol
    search.
    
    See ‘Writing portable packages’ in the ‘Writing R Extensions’ manual.
Flavors: r-devel-linux-x86_64-fedora-clang, r-devel-linux-x86_64-fedora-gcc